Last updated on 2024-06-30 00:59:23 CEST.
Flavor | Version | Tinstall | Tcheck | Ttotal | Status | Flags |
---|---|---|---|---|---|---|
r-devel-linux-x86_64-debian-clang | 0.6.4 | 5.55 | 83.16 | 88.71 | NOTE | |
r-devel-linux-x86_64-debian-gcc | 0.6.4 | 4.82 | 64.60 | 69.42 | NOTE | |
r-devel-linux-x86_64-fedora-clang | 0.6.4 | 116.74 | NOTE | |||
r-devel-linux-x86_64-fedora-gcc | 0.6.4 | 127.60 | NOTE | |||
r-devel-windows-x86_64 | 0.6.4 | 6.00 | 87.00 | 93.00 | NOTE | |
r-patched-linux-x86_64 | 0.6.4 | 6.89 | 79.37 | 86.26 | NOTE | |
r-release-linux-x86_64 | 0.6.4 | 5.44 | 81.12 | 86.56 | NOTE | |
r-release-macos-arm64 | 0.6.4 | 57.00 | NOTE | |||
r-release-macos-x86_64 | 0.6.4 | 59.00 | NOTE | |||
r-release-windows-x86_64 | 0.6.4 | 6.00 | 88.00 | 94.00 | NOTE | |
r-oldrel-macos-arm64 | 0.6.4 | 39.00 | NOTE | |||
r-oldrel-macos-x86_64 | 0.6.4 | 51.00 | NOTE | |||
r-oldrel-windows-x86_64 | 0.6.4 | 6.00 | 92.00 | 98.00 | NOTE |
Version: 0.6.4
Check: LazyData
Result: NOTE
'LazyData' is specified without a 'data' directory
Flavors: r-devel-linux-x86_64-debian-clang, r-devel-linux-x86_64-debian-gcc, r-devel-linux-x86_64-fedora-clang, r-devel-linux-x86_64-fedora-gcc, r-devel-windows-x86_64, r-patched-linux-x86_64, r-release-linux-x86_64, r-release-macos-arm64, r-release-macos-x86_64, r-release-windows-x86_64, r-oldrel-macos-arm64, r-oldrel-macos-x86_64, r-oldrel-windows-x86_64