Last updated on 2024-06-30 00:59:23 CEST.
Flavor | Version | Tinstall | Tcheck | Ttotal | Status | Flags |
---|---|---|---|---|---|---|
r-devel-linux-x86_64-debian-clang | 1.4 | 6.79 | 48.65 | 55.44 | OK | |
r-devel-linux-x86_64-debian-gcc | 1.4 | 5.57 | 36.02 | 41.59 | OK | |
r-devel-linux-x86_64-fedora-clang | 1.4 | 75.77 | NOTE | |||
r-devel-linux-x86_64-fedora-gcc | 1.4 | 82.81 | NOTE | |||
r-devel-windows-x86_64 | 1.4 | 7.00 | 53.00 | 60.00 | OK | |
r-patched-linux-x86_64 | 1.4 | 5.46 | 45.66 | 51.12 | OK | |
r-release-linux-x86_64 | 1.4 | 6.40 | 46.97 | 53.37 | OK | |
r-release-macos-arm64 | 1.4 | 27.00 | OK | |||
r-release-macos-x86_64 | 1.4 | 45.00 | OK | |||
r-release-windows-x86_64 | 1.4 | 7.00 | 53.00 | 60.00 | OK | |
r-oldrel-macos-arm64 | 1.4 | 30.00 | OK | |||
r-oldrel-macos-x86_64 | 1.4 | 44.00 | OK | |||
r-oldrel-windows-x86_64 | 1.4 | 10.00 | 57.00 | 67.00 | OK |
Version: 1.4
Check: dependencies in R code
Result: NOTE
Namespace in Imports field not imported from: ‘gtools’
All declared Imports should be used.
Flavors: r-devel-linux-x86_64-fedora-clang, r-devel-linux-x86_64-fedora-gcc