Last updated on 2024-06-30 00:59:23 CEST.
Flavor | Version | Tinstall | Tcheck | Ttotal | Status | Flags |
---|---|---|---|---|---|---|
r-devel-linux-x86_64-debian-clang | 1.8.0 | 15.50 | 126.16 | 141.66 | OK | |
r-devel-linux-x86_64-debian-gcc | 1.8.0 | 12.40 | 95.97 | 108.37 | OK | |
r-devel-linux-x86_64-fedora-clang | 1.8.0 | 183.36 | NOTE | |||
r-devel-linux-x86_64-fedora-gcc | 1.8.0 | 187.93 | OK | |||
r-devel-windows-x86_64 | 1.8.0 | 16.00 | 122.00 | 138.00 | NOTE | |
r-patched-linux-x86_64 | 1.8.0 | 17.37 | 118.63 | 136.00 | OK | |
r-release-linux-x86_64 | 1.8.0 | 14.26 | 122.06 | 136.32 | OK | |
r-release-macos-arm64 | 1.8.0 | 68.00 | NOTE | |||
r-release-macos-x86_64 | 1.8.0 | 89.00 | NOTE | |||
r-release-windows-x86_64 | 1.8.0 | 14.00 | 123.00 | 137.00 | NOTE | |
r-oldrel-macos-arm64 | 1.8.0 | 76.00 | NOTE | |||
r-oldrel-macos-x86_64 | 1.8.0 | 199.00 | NOTE | |||
r-oldrel-windows-x86_64 | 1.8.0 | 14.00 | 142.00 | 156.00 | NOTE |
Version: 1.8.0
Check: installed package size
Result: NOTE
installed size is 6.5Mb
sub-directories of 1Mb or more:
R 3.8Mb
data 1.5Mb
Flavors: r-devel-linux-x86_64-fedora-clang, r-devel-windows-x86_64, r-release-macos-arm64, r-release-macos-x86_64, r-release-windows-x86_64, r-oldrel-macos-arm64, r-oldrel-macos-x86_64, r-oldrel-windows-x86_64