Last updated on 2024-06-30 00:59:23 CEST.
Flavor | Version | Tinstall | Tcheck | Ttotal | Status | Flags |
---|---|---|---|---|---|---|
r-devel-linux-x86_64-debian-clang | 0.6.0 | 2.30 | 39.45 | 41.75 | OK | |
r-devel-linux-x86_64-debian-gcc | 0.6.0 | 2.32 | 30.90 | 33.22 | OK | |
r-devel-linux-x86_64-fedora-clang | 0.6.0 | 58.56 | OK | |||
r-devel-linux-x86_64-fedora-gcc | 0.6.0 | 69.64 | OK | |||
r-devel-windows-x86_64 | 0.6.0 | 7.00 | 53.00 | 60.00 | OK | |
r-patched-linux-x86_64 | 0.5.0 | 3.18 | 38.70 | 41.88 | OK | |
r-release-linux-x86_64 | 0.5.0 | 2.95 | 39.16 | 42.11 | OK | |
r-release-macos-arm64 | 0.6.0 | 52.00 | OK | |||
r-release-macos-x86_64 | 0.6.0 | 73.00 | OK | |||
r-release-windows-x86_64 | 0.5.0 | 4.00 | 54.00 | 58.00 | OK | |
r-oldrel-macos-arm64 | 0.6.0 | 34.00 | ERROR | |||
r-oldrel-macos-x86_64 | 0.6.0 | 80.00 | ERROR | |||
r-oldrel-windows-x86_64 | 0.6.0 | 4.00 | 56.00 | 60.00 | OK |
Version: 0.6.0
Check: running R code from vignettes
Result: ERROR
Errors in running code in vignettes:
when running code in ‘intro_htmlwidgets.Rmd’
...
> knitr::opts_chunk$set(eval = FALSE)
> install.packages(c("shiny", "devtools", "usethis",
+ "htmlwidgets", "reactR"))
Installing packages into ‘/Volumes/Builds/packages/big-sur-arm64/results/4.3/reactR.Rcheck’
(as ‘lib’ is unspecified)
When sourcing ‘intro_htmlwidgets.R’:
Error: trying to use CRAN without setting a mirror
Execution halted
when running code in ‘intro_inputs.Rmd’
...
> knitr::opts_chunk$set(eval = FALSE)
> install.packages(c("shiny", "devtools", "usethis",
+ "reactR"))
Installing packages into ‘/Volumes/Builds/packages/big-sur-arm64/results/4.3/reactR.Rcheck’
(as ‘lib’ is unspecified)
When sourcing ‘intro_inputs.R’:
Error: trying to use CRAN without setting a mirror
Execution halted
‘intro_htmlwidgets.Rmd’ using ‘UTF-8’... failed
‘intro_inputs.Rmd’ using ‘UTF-8’... failed
‘intro_reactR.Rmd’ using ‘UTF-8’... [0s/0s] OK
Flavor: r-oldrel-macos-arm64
Version: 0.6.0
Check: running R code from vignettes
Result: ERROR
Errors in running code in vignettes:
when running code in ‘intro_htmlwidgets.Rmd’
...
> knitr::opts_chunk$set(eval = FALSE)
> install.packages(c("shiny", "devtools", "usethis",
+ "htmlwidgets", "reactR"))
Installing packages into ‘/Volumes/Builds/packages/big-sur-x86_64/results/4.3/reactR.Rcheck’
(as ‘lib’ is unspecified)
When sourcing ‘intro_htmlwidgets.R’:
Error: trying to use CRAN without setting a mirror
Execution halted
when running code in ‘intro_inputs.Rmd’
...
> knitr::opts_chunk$set(eval = FALSE)
> install.packages(c("shiny", "devtools", "usethis",
+ "reactR"))
Installing packages into ‘/Volumes/Builds/packages/big-sur-x86_64/results/4.3/reactR.Rcheck’
(as ‘lib’ is unspecified)
When sourcing ‘intro_inputs.R’:
Error: trying to use CRAN without setting a mirror
Execution halted
‘intro_htmlwidgets.Rmd’ using ‘UTF-8’... failed
‘intro_inputs.Rmd’ using ‘UTF-8’... failed
‘intro_reactR.Rmd’ using ‘UTF-8’... [1s/1s] OK
Flavor: r-oldrel-macos-x86_64