Last updated on 2024-06-30 00:59:23 CEST.
Flavor | Version | Tinstall | Tcheck | Ttotal | Status | Flags |
---|---|---|---|---|---|---|
r-devel-linux-x86_64-debian-clang | 0.91 | 7.63 | 72.17 | 79.80 | OK | |
r-devel-linux-x86_64-debian-gcc | 0.91 | 4.98 | 54.52 | 59.50 | OK | |
r-devel-linux-x86_64-fedora-clang | 0.91 | 102.74 | NOTE | |||
r-devel-linux-x86_64-fedora-gcc | 0.91 | 114.01 | NOTE | |||
r-devel-windows-x86_64 | 0.91 | 8.00 | 74.00 | 82.00 | OK | |
r-patched-linux-x86_64 | 0.91 | 12.53 | 68.90 | 81.43 | OK | |
r-release-linux-x86_64 | 0.91 | 5.05 | 70.27 | 75.32 | OK | |
r-release-macos-arm64 | 0.91 | 41.00 | OK | |||
r-release-macos-x86_64 | 0.91 | 58.00 | OK | |||
r-release-windows-x86_64 | 0.91 | 7.00 | 74.00 | 81.00 | OK | |
r-oldrel-macos-arm64 | 0.91 | 40.00 | OK | |||
r-oldrel-macos-x86_64 | 0.91 | 83.00 | OK | |||
r-oldrel-windows-x86_64 | 0.91 | 9.00 | 84.00 | 93.00 | OK |
Version: 0.91
Check: data for non-ASCII characters
Result: NOTE
Note: found 1 marked Latin-1 string
Note: found 1 marked UTF-8 string
Note: found 7 strings marked as "bytes"
Flavors: r-devel-linux-x86_64-fedora-clang, r-devel-linux-x86_64-fedora-gcc