Last updated on 2025-04-29 12:52:47 CEST.
Flavor | Version | Tinstall | Tcheck | Ttotal | Status | Flags |
---|---|---|---|---|---|---|
r-devel-linux-x86_64-debian-clang | 0.1.18 | 11.73 | 149.82 | 161.55 | OK | |
r-devel-linux-x86_64-debian-gcc | 0.1.18 | 7.69 | 92.30 | 99.99 | ERROR | |
r-devel-linux-x86_64-fedora-clang | 0.1.18 | 246.43 | OK | |||
r-devel-linux-x86_64-fedora-gcc | 0.1.18 | 252.56 | OK | |||
r-devel-windows-x86_64 | 0.1.18 | 13.00 | 210.00 | 223.00 | OK | |
r-patched-linux-x86_64 | 0.1.18 | 12.83 | 139.85 | 152.68 | OK | |
r-release-linux-x86_64 | 0.1.18 | 9.87 | 139.93 | 149.80 | OK | |
r-release-macos-arm64 | 0.1.18 | 138.00 | OK | |||
r-release-macos-x86_64 | 0.1.18 | 206.00 | OK | |||
r-release-windows-x86_64 | 0.1.18 | 17.00 | 205.00 | 222.00 | OK | |
r-oldrel-macos-arm64 | 0.1.18 | 148.00 | OK | |||
r-oldrel-macos-x86_64 | 0.1.18 | 186.00 | OK | |||
r-oldrel-windows-x86_64 | 0.1.18 | 19.00 | 257.00 | 276.00 | OK |
Version: 0.1.18
Check: re-building of vignette outputs
Result: ERROR
Error(s) in re-building vignettes:
...
--- re-building ‘V_01.Rmd’ using rmarkdown
--- finished re-building ‘V_01.Rmd’
--- re-building ‘V_02.Rmd’ using rmarkdown
--- finished re-building ‘V_02.Rmd’
--- re-building ‘V_03.Rmd’ using rmarkdown
--- finished re-building ‘V_03.Rmd’
--- re-building ‘V_04.Rmd’ using rmarkdown
--- finished re-building ‘V_04.Rmd’
--- re-building ‘V_05.Rmd’ using rmarkdown
Quitting from V_05.Rmd:27-29 [unnamed-chunk-2]
~~~~~~~~~~~~~~~~~~~~~~~~~~~~~~~~~~~~~~~~~~~~~~~~~~~~~~~~~~~~~~~~~~~~~~~~~~~~~~~~
NULL
~~~~~~~~~~~~~~~~~~~~~~~~~~~~~~~~~~~~~~~~~~~~~~~~~~~~~~~~~~~~~~~~~~~~~~~~~~~~~~~~
Error: processing vignette 'V_05.Rmd' failed with diagnostics:
ℹ In argument: `Description = `%>%`(...)`.
Caused by error in `purrr::map2_chr()`:
ℹ In index: 53.
Caused by error in `UseMethod()`:
! no applicable method for 'xml_find_all' applied to an object of class "character"
--- failed re-building ‘V_05.Rmd’
--- re-building ‘V_06.Rmd’ using rmarkdown
--- finished re-building ‘V_06.Rmd’
--- re-building ‘V_07.Rmd’ using rmarkdown
--- finished re-building ‘V_07.Rmd’
--- re-building ‘ready4.Rmd’ using rmarkdown
--- finished re-building ‘ready4.Rmd’
SUMMARY: processing the following file failed:
‘V_05.Rmd’
Error: Vignette re-building failed.
Execution halted
Flavor: r-devel-linux-x86_64-debian-gcc