Last updated on 2024-06-16 11:58:05 CEST.
Flavor | Version | Tinstall | Tcheck | Ttotal | Status | Flags |
---|---|---|---|---|---|---|
r-devel-linux-x86_64-debian-clang | 1.0.7 | 156.91 | 91.59 | 248.50 | OK | |
r-devel-linux-x86_64-debian-gcc | 1.0.7 | 101.52 | 69.46 | 170.98 | OK | |
r-devel-linux-x86_64-fedora-clang | 1.0.7 | 361.46 | OK | |||
r-devel-linux-x86_64-fedora-gcc | 1.0.7 | 372.83 | OK | |||
r-devel-windows-x86_64 | 1.0.7 | 116.00 | 122.00 | 238.00 | OK | |
r-patched-linux-x86_64 | 1.0.7 | 129.15 | 91.78 | 220.93 | OK | |
r-release-linux-x86_64 | 1.0.7 | 126.13 | 87.19 | 213.32 | OK | |
r-release-macos-arm64 | 1.0.7 | 82.00 | NOTE | |||
r-release-macos-x86_64 | 1.0.7 | 101.00 | NOTE | |||
r-release-windows-x86_64 | 1.0.7 | 121.00 | 127.00 | 248.00 | OK | |
r-oldrel-macos-arm64 | 1.0.7 | 115.00 | NOTE | |||
r-oldrel-macos-x86_64 | 1.0.7 | 128.00 | NOTE | |||
r-oldrel-windows-x86_64 | 1.0.7 | 146.00 | 141.00 | 287.00 | OK |
Version: 1.0.7
Check: installed package size
Result: NOTE
installed size is 5.0Mb
sub-directories of 1Mb or more:
libs 4.3Mb
Flavors: r-release-macos-arm64, r-release-macos-x86_64, r-oldrel-macos-arm64, r-oldrel-macos-x86_64