Last updated on 2024-06-30 00:59:23 CEST.
Flavor | Version | Tinstall | Tcheck | Ttotal | Status | Flags |
---|---|---|---|---|---|---|
r-devel-linux-x86_64-debian-clang | 1.6.1 | 49.85 | 30.58 | 80.43 | OK | |
r-devel-linux-x86_64-debian-gcc | 1.6.1 | 37.49 | 23.99 | 61.48 | OK | |
r-devel-linux-x86_64-fedora-clang | 1.6.1 | 100.57 | NOTE | |||
r-devel-linux-x86_64-fedora-gcc | 1.6.1 | 113.69 | OK | |||
r-devel-windows-x86_64 | 1.6.1 | 45.00 | 69.00 | 114.00 | NOTE | |
r-patched-linux-x86_64 | 1.6.1 | 44.73 | 29.28 | 74.01 | OK | |
r-release-linux-x86_64 | 1.6.1 | 43.85 | 29.75 | 73.60 | OK | |
r-release-macos-arm64 | 1.6.1 | 28.00 | NOTE | |||
r-release-macos-x86_64 | 1.6.1 | 47.00 | NOTE | |||
r-release-windows-x86_64 | 1.6.1 | 45.00 | 64.00 | 109.00 | NOTE | |
r-oldrel-macos-arm64 | 1.6.1 | 33.00 | NOTE | |||
r-oldrel-macos-x86_64 | 1.6.1 | 73.00 | NOTE | |||
r-oldrel-windows-x86_64 | 1.6.1 | 44.00 | 76.00 | 120.00 | NOTE |
Version: 1.6.1
Check: installed package size
Result: NOTE
installed size is 7.1Mb
sub-directories of 1Mb or more:
include 6.4Mb
Flavors: r-devel-linux-x86_64-fedora-clang, r-devel-windows-x86_64, r-release-macos-arm64, r-release-macos-x86_64, r-release-windows-x86_64, r-oldrel-macos-arm64, r-oldrel-macos-x86_64, r-oldrel-windows-x86_64