Last updated on 2024-06-30 00:59:23 CEST.
Flavor | Version | Tinstall | Tcheck | Ttotal | Status | Flags |
---|---|---|---|---|---|---|
r-devel-linux-x86_64-debian-clang | 3.2.6 | 61.59 | 74.42 | 136.01 | OK | |
r-devel-linux-x86_64-debian-gcc | 3.2.6 | 40.58 | 54.44 | 95.02 | OK | |
r-devel-linux-x86_64-fedora-clang | 3.2.6 | 170.72 | OK | |||
r-devel-linux-x86_64-fedora-gcc | 3.2.6 | 193.59 | OK | |||
r-devel-windows-x86_64 | 3.2.6 | 44.00 | 123.00 | 167.00 | NOTE | |
r-patched-linux-x86_64 | 3.2.6 | 50.19 | 70.85 | 121.04 | OK | |
r-release-linux-x86_64 | 3.2.6 | 51.89 | 69.70 | 121.59 | OK | |
r-release-macos-arm64 | 3.2.6 | 77.00 | NOTE | |||
r-release-macos-x86_64 | 3.2.6 | 97.00 | NOTE | |||
r-release-windows-x86_64 | 3.2.6 | 44.00 | 121.00 | 165.00 | NOTE | |
r-oldrel-macos-arm64 | 3.2.6 | 64.00 | NOTE | |||
r-oldrel-macos-x86_64 | 3.2.6 | 140.00 | NOTE | |||
r-oldrel-windows-x86_64 | 3.2.6 | 53.00 | 139.00 | 192.00 | NOTE |
Version: 3.2.6
Check: installed package size
Result: NOTE
installed size is 5.5Mb
sub-directories of 1Mb or more:
doc 3.4Mb
libs 1.3Mb
Flavors: r-devel-windows-x86_64, r-release-macos-arm64, r-release-macos-x86_64, r-release-windows-x86_64, r-oldrel-macos-arm64, r-oldrel-macos-x86_64, r-oldrel-windows-x86_64