Last updated on 2024-06-30 00:59:23 CEST.
Flavor | Version | Tinstall | Tcheck | Ttotal | Status | Flags |
---|---|---|---|---|---|---|
r-devel-linux-x86_64-debian-clang | 1.0.2 | 19.12 | 207.12 | 226.24 | OK | |
r-devel-linux-x86_64-debian-gcc | 1.0.2 | 14.09 | 152.83 | 166.92 | OK | |
r-devel-linux-x86_64-fedora-clang | 1.0.2 | 281.47 | OK | |||
r-devel-linux-x86_64-fedora-gcc | 1.0.2 | 277.72 | OK | |||
r-devel-windows-x86_64 | 1.0.2 | 19.00 | 155.00 | 174.00 | OK | |
r-patched-linux-x86_64 | 1.0.2 | 18.50 | 200.19 | 218.69 | OK | |
r-release-linux-x86_64 | 1.0.2 | 11.87 | 201.05 | 212.92 | OK | |
r-release-macos-arm64 | 1.0.2 | 73.00 | OK | |||
r-release-macos-x86_64 | 1.0.2 | 124.00 | OK | |||
r-release-windows-x86_64 | 1.0.2 | 15.00 | 157.00 | 172.00 | OK | |
r-oldrel-macos-arm64 | 1.0.2 | 89.00 | OK | |||
r-oldrel-macos-x86_64 | 1.0.2 | 129.00 | NOTE | |||
r-oldrel-windows-x86_64 | 1.0.2 | 21.00 | 191.00 | 212.00 | OK |
Version: 1.0.2
Check: package dependencies
Result: NOTE
Package suggested but not available for checking: ‘ggpubr’
Flavor: r-oldrel-macos-x86_64