Last updated on 2024-06-30 00:59:23 CEST.
Flavor | Version | Tinstall | Tcheck | Ttotal | Status | Flags |
---|---|---|---|---|---|---|
r-devel-linux-x86_64-debian-clang | 0.5 | 4.38 | 39.47 | 43.85 | NOTE | |
r-devel-linux-x86_64-debian-gcc | 0.5 | 2.94 | 29.23 | 32.17 | NOTE | |
r-devel-linux-x86_64-fedora-clang | 0.5 | 53.58 | NOTE | |||
r-devel-linux-x86_64-fedora-gcc | 0.5 | 63.48 | NOTE | |||
r-devel-windows-x86_64 | 0.5 | 4.00 | 50.00 | 54.00 | OK | |
r-patched-linux-x86_64 | 0.5 | 6.11 | 37.88 | 43.99 | NOTE | |
r-release-linux-x86_64 | 0.5 | 3.85 | 37.16 | 41.01 | NOTE | |
r-release-macos-arm64 | 0.5 | 29.00 | OK | |||
r-release-macos-x86_64 | 0.5 | 50.00 | OK | |||
r-release-windows-x86_64 | 0.5 | 4.00 | 48.00 | 52.00 | OK | |
r-oldrel-macos-arm64 | 0.5 | 30.00 | OK | |||
r-oldrel-macos-x86_64 | 0.5 | 45.00 | OK | |||
r-oldrel-windows-x86_64 | 0.5 | 5.00 | 53.00 | 58.00 | OK |
Version: 0.5
Check: for non-standard things in the check directory
Result: NOTE
Found the following files/directories:
‘PackageCites.bib’
Flavors: r-devel-linux-x86_64-debian-clang, r-devel-linux-x86_64-debian-gcc, r-devel-linux-x86_64-fedora-clang, r-devel-linux-x86_64-fedora-gcc, r-patched-linux-x86_64, r-release-linux-x86_64