Last updated on 2024-06-30 00:59:23 CEST.
Flavor | Version | Tinstall | Tcheck | Ttotal | Status | Flags |
---|---|---|---|---|---|---|
r-devel-linux-x86_64-debian-clang | 0.2.1 | 1.69 | 24.97 | 26.66 | OK | |
r-devel-linux-x86_64-debian-gcc | 0.2.1 | 1.94 | 19.03 | 20.97 | OK | |
r-devel-linux-x86_64-fedora-clang | 0.2.1 | 33.91 | OK | |||
r-devel-linux-x86_64-fedora-gcc | 0.2.1 | 31.77 | OK | |||
r-devel-windows-x86_64 | 0.2.1 | 3.00 | 40.00 | 43.00 | OK | |
r-patched-linux-x86_64 | 0.2.1 | 2.26 | 23.57 | 25.83 | OK | |
r-release-linux-x86_64 | 0.2.1 | 3.06 | 23.89 | 26.95 | OK | |
r-release-macos-arm64 | 0.2.1 | 13.00 | NOTE | |||
r-release-macos-x86_64 | 0.2.1 | 25.00 | OK | |||
r-release-windows-x86_64 | 0.2.1 | 3.00 | 40.00 | 43.00 | OK | |
r-oldrel-macos-arm64 | 0.2.1 | 14.00 | NOTE | |||
r-oldrel-macos-x86_64 | 0.2.1 | 21.00 | NOTE | |||
r-oldrel-windows-x86_64 | 0.2.1 | 3.00 | 42.00 | 45.00 | OK |
Version: 0.2.1
Check: package dependencies
Result: NOTE
Package suggested but not available for checking: ‘ccdata’
Flavors: r-release-macos-arm64, r-oldrel-macos-arm64, r-oldrel-macos-x86_64