Last updated on 2024-06-30 00:59:23 CEST.
Flavor | Version | Tinstall | Tcheck | Ttotal | Status | Flags |
---|---|---|---|---|---|---|
r-devel-linux-x86_64-debian-clang | 0.0.1 | 40.25 | 409.59 | 449.84 | OK | |
r-devel-linux-x86_64-debian-gcc | 0.0.1 | 34.47 | 302.96 | 337.43 | OK | |
r-devel-linux-x86_64-fedora-clang | 0.0.1 | 577.72 | OK | |||
r-devel-linux-x86_64-fedora-gcc | 0.0.1 | 572.34 | OK | |||
r-devel-windows-x86_64 | 0.0.1 | 39.00 | 264.00 | 303.00 | OK | |
r-patched-linux-x86_64 | 0.0.1 | 27.95 | 377.52 | 405.47 | OK | |
r-release-linux-x86_64 | 0.0.1 | 28.22 | 391.19 | 419.41 | OK | |
r-release-macos-arm64 | 0.0.1 | 5.00 | ERROR | |||
r-release-macos-x86_64 | 0.0.1 | 7.00 | ERROR | |||
r-release-windows-x86_64 | 0.0.1 | 37.00 | 271.00 | 308.00 | OK | |
r-oldrel-macos-arm64 | 0.0.1 | 10.00 | ERROR | |||
r-oldrel-macos-x86_64 | 0.0.1 | 14.00 | ERROR | |||
r-oldrel-windows-x86_64 | 0.0.1 | 40.00 | 346.00 | 386.00 | OK |
Version: 0.0.1
Check: package dependencies
Result: ERROR
Package required but not available: ‘BSgenome.Hsapiens.UCSC.hg38’
See section ‘The DESCRIPTION file’ in the ‘Writing R Extensions’
manual.
Flavors: r-release-macos-arm64, r-release-macos-x86_64, r-oldrel-macos-arm64, r-oldrel-macos-x86_64