Last updated on 2024-06-16 11:58:05 CEST.
Flavor | Version | Tinstall | Tcheck | Ttotal | Status | Flags |
---|---|---|---|---|---|---|
r-devel-linux-x86_64-debian-clang | 1.0.3 | 12.93 | 153.32 | 166.25 | OK | |
r-devel-linux-x86_64-debian-gcc | 1.0.3 | 10.25 | 109.24 | 119.49 | OK | |
r-devel-linux-x86_64-fedora-clang | 1.0.3 | 205.22 | NOTE | |||
r-devel-linux-x86_64-fedora-gcc | 1.0.3 | 200.12 | NOTE | |||
r-devel-windows-x86_64 | 1.0.3 | 12.00 | 123.00 | 135.00 | OK | |
r-patched-linux-x86_64 | 1.0.3 | 11.83 | 141.64 | 153.47 | OK | |
r-release-linux-x86_64 | 1.0.3 | 11.17 | 141.04 | 152.21 | OK | |
r-release-macos-arm64 | 1.0.3 | 57.00 | OK | |||
r-release-macos-x86_64 | 1.0.3 | 86.00 | OK | |||
r-release-windows-x86_64 | 1.0.3 | 13.00 | 127.00 | 140.00 | OK | |
r-oldrel-macos-arm64 | 1.0.3 | 64.00 | OK | |||
r-oldrel-macos-x86_64 | 1.0.3 | 104.00 | OK | |||
r-oldrel-windows-x86_64 | 1.0.3 | 16.00 | 150.00 | 166.00 | OK |
Version: 1.0.3
Check: dependencies in R code
Result: NOTE
Namespace in Imports field not imported from: ‘titanic’
All declared Imports should be used.
Flavors: r-devel-linux-x86_64-fedora-clang, r-devel-linux-x86_64-fedora-gcc