Last updated on 2024-06-30 00:59:24 CEST.
Flavor | Version | Tinstall | Tcheck | Ttotal | Status | Flags |
---|---|---|---|---|---|---|
r-devel-linux-x86_64-debian-clang | 1.2.3 | 3.99 | 33.76 | 37.75 | OK | |
r-devel-linux-x86_64-debian-gcc | 1.2.3 | 3.25 | 25.37 | 28.62 | OK | |
r-devel-linux-x86_64-fedora-clang | 1.2.3 | 48.46 | NOTE | |||
r-devel-linux-x86_64-fedora-gcc | 1.2.3 | 44.97 | OK | |||
r-devel-windows-x86_64 | 1.2.3 | 6.00 | 43.00 | 49.00 | OK | |
r-patched-linux-x86_64 | 1.2.3 | 4.87 | 32.01 | 36.88 | OK | |
r-release-linux-x86_64 | 1.2.3 | 4.20 | 32.69 | 36.89 | OK | |
r-release-macos-arm64 | 1.2.3 | 16.00 | OK | |||
r-release-macos-x86_64 | 1.2.3 | 23.00 | OK | |||
r-release-windows-x86_64 | 1.2.3 | 5.00 | 43.00 | 48.00 | OK | |
r-oldrel-macos-arm64 | 1.2.3 | 18.00 | OK | |||
r-oldrel-macos-x86_64 | 1.2.3 | 36.00 | OK | |||
r-oldrel-windows-x86_64 | 1.2.3 | 5.00 | 45.00 | 50.00 | OK |
Version: 1.2.3
Check: Rd cross-references
Result: NOTE
Undeclared package ‘utility’ in Rd xrefs
Flavor: r-devel-linux-x86_64-fedora-clang