Last updated on 2024-06-16 11:58:05 CEST.
Flavor | Version | Tinstall | Tcheck | Ttotal | Status | Flags |
---|---|---|---|---|---|---|
r-devel-linux-x86_64-debian-clang | 0.1.4 | 5.49 | 65.82 | 71.31 | OK | |
r-devel-linux-x86_64-debian-gcc | 0.1.4 | 4.05 | 40.81 | 44.86 | ERROR | |
r-devel-linux-x86_64-fedora-clang | 0.1.5 | 94.10 | OK | |||
r-devel-linux-x86_64-fedora-gcc | 0.1.4 | 86.21 | OK | |||
r-devel-windows-x86_64 | 0.1.4 | 6.00 | 59.00 | 65.00 | OK | |
r-patched-linux-x86_64 | 0.1.4 | 4.24 | 63.89 | 68.13 | OK | |
r-release-linux-x86_64 | 0.1.4 | 3.22 | 64.14 | 67.36 | OK | |
r-release-macos-arm64 | 0.1.4 | 27.00 | OK | |||
r-release-macos-x86_64 | 0.1.5 | 67.00 | OK | |||
r-release-windows-x86_64 | 0.1.4 | 6.00 | 60.00 | 66.00 | OK | |
r-oldrel-macos-arm64 | 0.1.4 | 29.00 | OK | |||
r-oldrel-macos-x86_64 | 0.1.5 | 49.00 | OK | |||
r-oldrel-windows-x86_64 | 0.1.5 | 8.00 | 67.00 | 75.00 | OK |
Version: 0.1.4
Check: examples
Result: ERROR
Running examples in ‘rjdqa-Ex.R’ failed
The error most likely occurred in:
> base::assign(".ptime", proc.time(), pos = "CheckExEnv")
> ### Name: plot.sc_dashboard
> ### Title: Plot a Statistics Canada seasonal adjustment dashboard
> ### Aliases: plot.sc_dashboard
>
> ### ** Examples
>
> data <- window(RJDemetra::ipi_c_eu[, "FR"], start = 2003)
> sa_model <- RJDemetra::x13(data, "RSA5c")
> dashboard_data <- sc_dashboard(sa_model)
Error in seq.int(trunc((start - xtsp[1L]) * xfreq + 1.5), trunc((end - :
'from' must be of length 1
Calls: sc_dashboard ... moving_holiday_pattern -> window -> window.ts -> as.ts -> window.default
Execution halted
Flavor: r-devel-linux-x86_64-debian-gcc