Last updated on 2024-06-30 00:59:24 CEST.
Flavor | Version | Tinstall | Tcheck | Ttotal | Status | Flags |
---|---|---|---|---|---|---|
r-devel-linux-x86_64-debian-clang | 2.0.1 | 165.68 | 615.24 | 780.92 | NOTE | |
r-devel-linux-x86_64-debian-gcc | 2.0.1 | 113.57 | 428.55 | 542.12 | NOTE | |
r-devel-linux-x86_64-fedora-clang | 2.0.1 | 900.44 | NOTE | |||
r-devel-linux-x86_64-fedora-gcc | 2.0.1 | 1018.01 | NOTE | |||
r-devel-windows-x86_64 | 2.0.1 | 121.00 | 612.00 | 733.00 | NOTE | |
r-patched-linux-x86_64 | 2.0.1 | 103.94 | 566.78 | 670.72 | NOTE | |
r-release-linux-x86_64 | 2.0.1 | 99.86 | 585.84 | 685.70 | NOTE | |
r-release-macos-arm64 | 2.0.1 | 162.00 | NOTE | |||
r-release-macos-x86_64 | 2.0.1 | 302.00 | NOTE | |||
r-release-windows-x86_64 | 2.0.1 | 130.00 | 618.00 | 748.00 | NOTE | |
r-oldrel-macos-arm64 | 2.0.1 | 170.00 | NOTE | |||
r-oldrel-macos-x86_64 | 2.0.1 | 448.00 | NOTE | |||
r-oldrel-windows-x86_64 | 2.0.1 | 155.00 | 810.00 | 965.00 | NOTE |
Version: 2.0.1
Check: package dependencies
Result: NOTE
Packages suggested but not available for checking:
'DoubletFinder', 'RcppPlanc'
Flavors: r-devel-linux-x86_64-debian-clang, r-devel-linux-x86_64-debian-gcc, r-devel-linux-x86_64-fedora-clang, r-devel-linux-x86_64-fedora-gcc, r-devel-windows-x86_64, r-patched-linux-x86_64, r-release-linux-x86_64, r-release-macos-x86_64, r-release-windows-x86_64, r-oldrel-windows-x86_64
Version: 2.0.1
Check: Rd cross-references
Result: NOTE
Undeclared package ‘viridisLite’ in Rd xrefs
Flavor: r-devel-linux-x86_64-fedora-clang
Version: 2.0.1
Check: package dependencies
Result: NOTE
Packages suggested but not available for checking:
'DoubletFinder', 'RcppPlanc', 'reactome.db'
Flavor: r-release-macos-arm64
Version: 2.0.1
Check: installed package size
Result: NOTE
installed size is 8.2Mb
sub-directories of 1Mb or more:
libs 5.3Mb
Flavors: r-release-macos-arm64, r-release-macos-x86_64, r-oldrel-macos-arm64, r-oldrel-macos-x86_64
Version: 2.0.1
Check: package dependencies
Result: NOTE
Packages suggested but not available for checking:
'DoubletFinder', 'EnhancedVolcano', 'RcppPlanc', 'reactome.db'
Flavors: r-oldrel-macos-arm64, r-oldrel-macos-x86_64