Last updated on 2024-06-30 00:59:24 CEST.
Flavor | Version | Tinstall | Tcheck | Ttotal | Status | Flags |
---|---|---|---|---|---|---|
r-devel-linux-x86_64-debian-clang | 0.1.16 | 1501.39 | 248.25 | 1749.64 | NOTE | |
r-devel-linux-x86_64-debian-gcc | 0.1.16 | 1324.49 | 284.11 | 1608.60 | NOTE | |
r-devel-linux-x86_64-fedora-clang | 0.1.16 | 2168.56 | NOTE | |||
r-devel-linux-x86_64-fedora-gcc | 0.1.16 | 3288.06 | NOTE | |||
r-devel-windows-x86_64 | 0.1.16 | 1184.00 | 304.00 | 1488.00 | NOTE | |
r-patched-linux-x86_64 | 0.1.16 | 0.01 | 3.10 | 3.11 | ERROR | |
r-release-linux-x86_64 | 0.1.16 | 1248.63 | 361.87 | 1610.50 | NOTE | |
r-release-macos-arm64 | 0.1.16 | 525.00 | NOTE | |||
r-release-macos-x86_64 | 0.1.16 | 470.00 | NOTE | |||
r-release-windows-x86_64 | 0.1.16 | 1171.00 | 296.00 | 1467.00 | NOTE | |
r-oldrel-macos-arm64 | 0.1.16 | 500.00 | NOTE | |||
r-oldrel-macos-x86_64 | 0.1.16 | 496.00 | NOTE | |||
r-oldrel-windows-x86_64 | 0.1.16 | 1496.00 | 364.00 | 1860.00 | NOTE |
Version: 0.1.16
Check: for GNU extensions in Makefiles
Result: NOTE
GNU make is a SystemRequirements.
Flavors: r-devel-linux-x86_64-debian-clang, r-devel-linux-x86_64-debian-gcc, r-devel-linux-x86_64-fedora-clang, r-devel-linux-x86_64-fedora-gcc, r-devel-windows-x86_64, r-release-linux-x86_64, r-release-macos-arm64, r-release-macos-x86_64, r-release-windows-x86_64, r-oldrel-macos-arm64, r-oldrel-macos-x86_64, r-oldrel-windows-x86_64
Version: 0.1.16
Check: installed package size
Result: NOTE
installed size is 12.0Mb
sub-directories of 1Mb or more:
libs 11.6Mb
Flavors: r-devel-linux-x86_64-fedora-clang, r-devel-windows-x86_64, r-release-macos-arm64, r-release-macos-x86_64, r-release-windows-x86_64, r-oldrel-macos-arm64, r-oldrel-macos-x86_64, r-oldrel-windows-x86_64
Version: 0.1.16
Check: whether package can be installed
Result: ERROR
Installation failed.
Flavor: r-patched-linux-x86_64