Last updated on 2024-06-30 00:59:24 CEST.
Flavor | Version | Tinstall | Tcheck | Ttotal | Status | Flags |
---|---|---|---|---|---|---|
r-devel-linux-x86_64-debian-clang | 1.3-9 | 172.59 | 298.91 | 471.50 | NOTE | |
r-devel-linux-x86_64-debian-gcc | 1.3-9 | 126.33 | 205.09 | 331.42 | NOTE | |
r-devel-linux-x86_64-fedora-clang | 1.3-9 | 603.27 | NOTE | |||
r-devel-linux-x86_64-fedora-gcc | 1.3-9 | 599.95 | NOTE | |||
r-devel-windows-x86_64 | 1.3-9 | 128.00 | 226.00 | 354.00 | NOTE | |
r-patched-linux-x86_64 | 1.3-9 | 155.07 | 284.01 | 439.08 | NOTE | |
r-release-linux-x86_64 | 1.3-9 | 143.16 | 272.48 | 415.64 | NOTE | |
r-release-macos-arm64 | 1.3-9 | 136.00 | NOTE | |||
r-release-macos-x86_64 | 1.3-9 | 243.00 | NOTE | |||
r-release-windows-x86_64 | 1.3-9 | 126.00 | 226.00 | 352.00 | NOTE | |
r-oldrel-macos-arm64 | 1.3-9 | 139.00 | NOTE | |||
r-oldrel-macos-x86_64 | 1.3-9 | 239.00 | NOTE | |||
r-oldrel-windows-x86_64 | 1.3-9 | 163.00 | 286.00 | 449.00 | NOTE |
Version: 1.3-9
Check: Rd files
Result: NOTE
checkRd: (-1) cGARCHfilter-class.Rd:57: Escaped LaTeX specials: \&
checkRd: (-1) cGARCHfit-class.Rd:59: Escaped LaTeX specials: \&
checkRd: (-1) cGARCHsim-class.Rd:52: Escaped LaTeX specials: \&
checkRd: (-1) cGARCHspec-class.Rd:36: Escaped LaTeX specials: \&
checkRd: (-1) cgarchsim-methods.Rd:78: Escaped LaTeX specials: \&
checkRd: (-1) goGARCHfft-class.Rd:65: Lost braces
65 | code{dfft(object, index=0)} on an object created from a forecast with
| ^
checkRd: (-1) goGARCHfilter-class.Rd:155: Escaped LaTeX specials: \&
checkRd: (-1) goGARCHfit-class.Rd:166: Escaped LaTeX specials: \&
checkRd: (-1) rmgarch-package.Rd:73: Escaped LaTeX specials: \&
Flavors: r-devel-linux-x86_64-debian-clang, r-devel-linux-x86_64-debian-gcc, r-devel-linux-x86_64-fedora-clang, r-devel-linux-x86_64-fedora-gcc, r-devel-windows-x86_64, r-patched-linux-x86_64, r-release-linux-x86_64, r-release-macos-arm64, r-release-macos-x86_64, r-release-windows-x86_64
Version: 1.3-9
Check: installed package size
Result: NOTE
installed size is 9.7Mb
sub-directories of 1Mb or more:
R 3.0Mb
libs 5.7Mb
Flavors: r-release-macos-arm64, r-release-macos-x86_64, r-oldrel-macos-arm64, r-oldrel-macos-x86_64
Version: 1.3-9
Check: Rd files
Result: NOTE
checkRd: (-1) cGARCHfilter-class.Rd:57: Escaped LaTeX specials: \&
checkRd: (-1) cGARCHfit-class.Rd:59: Escaped LaTeX specials: \&
checkRd: (-1) cGARCHsim-class.Rd:52: Escaped LaTeX specials: \&
checkRd: (-1) cGARCHspec-class.Rd:36: Escaped LaTeX specials: \&
checkRd: (-1) cgarchsim-methods.Rd:78: Escaped LaTeX specials: \&
checkRd: (-1) goGARCHfilter-class.Rd:155: Escaped LaTeX specials: \&
checkRd: (-1) goGARCHfit-class.Rd:166: Escaped LaTeX specials: \&
checkRd: (-1) rmgarch-package.Rd:73: Escaped LaTeX specials: \&
Flavors: r-oldrel-macos-arm64, r-oldrel-macos-x86_64, r-oldrel-windows-x86_64