Last updated on 2024-06-30 00:59:24 CEST.
Flavor | Version | Tinstall | Tcheck | Ttotal | Status | Flags |
---|---|---|---|---|---|---|
r-devel-linux-x86_64-debian-clang | 2.5.1 | 21.12 | 489.45 | 510.57 | OK | |
r-devel-linux-x86_64-debian-gcc | 2.5.1 | 19.67 | 348.31 | 367.98 | OK | |
r-devel-linux-x86_64-fedora-clang | 2.5.1 | 600.81 | NOTE | |||
r-devel-linux-x86_64-fedora-gcc | 2.5.1 | 594.07 | OK | |||
r-devel-windows-x86_64 | 2.5.1 | 24.00 | 340.00 | 364.00 | NOTE | |
r-patched-linux-x86_64 | 2.5.1 | 20.30 | 462.70 | 483.00 | OK | |
r-release-linux-x86_64 | 2.5.1 | 17.15 | 452.28 | 469.43 | OK | |
r-release-macos-arm64 | 2.5.1 | 139.00 | NOTE | |||
r-release-macos-x86_64 | 2.5.1 | 232.00 | NOTE | |||
r-release-windows-x86_64 | 2.5.1 | 24.00 | 342.00 | 366.00 | NOTE | |
r-oldrel-macos-arm64 | 2.5.1 | 157.00 | NOTE | |||
r-oldrel-macos-x86_64 | 2.5.1 | 413.00 | NOTE | |||
r-oldrel-windows-x86_64 | 2.5.1 | 34.00 | 446.00 | 480.00 | NOTE |
Version: 2.5.1
Check: installed package size
Result: NOTE
installed size is 17.5Mb
sub-directories of 1Mb or more:
doc 15.2Mb
Flavors: r-devel-linux-x86_64-fedora-clang, r-devel-windows-x86_64, r-release-macos-arm64, r-release-macos-x86_64, r-release-windows-x86_64, r-oldrel-macos-arm64, r-oldrel-macos-x86_64, r-oldrel-windows-x86_64