Last updated on 2024-06-30 00:59:25 CEST.
Flavor | Version | Tinstall | Tcheck | Ttotal | Status | Flags |
---|---|---|---|---|---|---|
r-devel-linux-x86_64-debian-clang | 0.8.1 | 42.49 | 86.43 | 128.92 | NOTE | |
r-devel-linux-x86_64-debian-gcc | 0.8.1 | 28.13 | 63.43 | 91.56 | NOTE | |
r-devel-linux-x86_64-fedora-clang | 0.8.1 | 166.29 | NOTE | |||
r-devel-linux-x86_64-fedora-gcc | 0.8.1 | 162.84 | NOTE | |||
r-devel-windows-x86_64 | 0.8.1 | 34.00 | 93.00 | 127.00 | NOTE | |
r-patched-linux-x86_64 | 0.8.1 | 37.44 | 81.48 | 118.92 | NOTE | |
r-release-linux-x86_64 | 0.8.1 | 34.69 | 83.05 | 117.74 | NOTE | |
r-release-macos-arm64 | 0.8.1 | 44.00 | NOTE | |||
r-release-macos-x86_64 | 0.8.1 | 64.00 | NOTE | |||
r-release-windows-x86_64 | 0.8.1 | 37.00 | 96.00 | 133.00 | NOTE | |
r-oldrel-macos-arm64 | 0.8.1 | 53.00 | OK | |||
r-oldrel-macos-x86_64 | 0.8.1 | 112.00 | OK | |||
r-oldrel-windows-x86_64 | 0.8.1 | 42.00 | 114.00 | 156.00 | OK |
Version: 0.8.1
Check: Rd files
Result: NOTE
checkRd: (-1) rpql.Rd:64: Lost braces in \itemize; meant \describe ?
checkRd: (-1) rpql.Rd:66: Lost braces in \itemize; meant \describe ?
checkRd: (-1) rpql.Rd:68: Lost braces in \itemize; meant \describe ?
checkRd: (-1) rpql.Rd:70: Lost braces in \itemize; meant \describe ?
checkRd: (-1) rpql.Rd:72: Lost braces in \itemize; meant \describe ?
checkRd: (-1) rpql.Rd:74: Lost braces in \itemize; meant \describe ?
Flavors: r-devel-linux-x86_64-debian-clang, r-devel-linux-x86_64-debian-gcc, r-devel-linux-x86_64-fedora-clang, r-devel-linux-x86_64-fedora-gcc, r-devel-windows-x86_64, r-patched-linux-x86_64, r-release-linux-x86_64, r-release-macos-arm64, r-release-macos-x86_64, r-release-windows-x86_64