Last updated on 2024-06-16 11:58:06 CEST.
Flavor | Version | Tinstall | Tcheck | Ttotal | Status | Flags |
---|---|---|---|---|---|---|
r-devel-linux-x86_64-debian-clang | 0.9.7.3.1 | 122.59 | 89.18 | 211.77 | NOTE | |
r-devel-linux-x86_64-debian-gcc | 0.9.7.3.1 | 79.66 | 65.97 | 145.63 | NOTE | |
r-devel-linux-x86_64-fedora-clang | 0.9.7.3.1 | 310.52 | NOTE | |||
r-devel-linux-x86_64-fedora-gcc | 0.9.7.3.1 | 311.80 | NOTE | |||
r-devel-windows-x86_64 | 0.9.7.3.1 | 90.00 | 112.00 | 202.00 | NOTE | |
r-patched-linux-x86_64 | 0.9.7.3.1 | 97.02 | 83.39 | 180.41 | NOTE | |
r-release-linux-x86_64 | 0.9.7.3.1 | 91.94 | 83.46 | 175.40 | NOTE | |
r-release-macos-arm64 | 0.9.7.3.1 | 66.00 | NOTE | |||
r-release-macos-x86_64 | 0.9.7.3.1 | 94.00 | NOTE | |||
r-release-windows-x86_64 | 0.9.7.3.1 | 91.00 | 114.00 | 205.00 | NOTE | |
r-oldrel-macos-arm64 | 0.9.7.3.1 | 81.00 | OK | |||
r-oldrel-macos-x86_64 | 0.9.7.3.1 | 140.00 | OK | |||
r-oldrel-windows-x86_64 | 0.9.7.3.1 | 116.00 | 129.00 | 245.00 | OK |
Version: 0.9.7.3.1
Check: Rd files
Result: NOTE
checkRd: (-1) rrecsys.Rd:72: Lost braces; missing escapes or markup?
72 | The average deviation rating $dev_{ij}$ between co-rated items is defined by:
| ^
checkRd: (-1) rrecsys.Rd:76: Lost braces; missing escapes or markup?
76 | Where $c_{ij}$ is the number of co-ratings between items $i$ and $j$ and $r_{ui}$ is an existing rating for user $u$ on item $i$. The Weighted Slope One takes into account both, information from users who rated the same item and the number of observed ratings.
| ^
checkRd: (-1) rrecsys.Rd:76: Lost braces; missing escapes or markup?
76 | Where $c_{ij}$ is the number of co-ratings between items $i$ and $j$ and $r_{ui}$ is an existing rating for user $u$ on item $i$. The Weighted Slope One takes into account both, information from users who rated the same item and the number of observed ratings.
| ^
Flavors: r-devel-linux-x86_64-debian-clang, r-devel-linux-x86_64-debian-gcc, r-devel-linux-x86_64-fedora-clang, r-devel-linux-x86_64-fedora-gcc, r-devel-windows-x86_64, r-patched-linux-x86_64, r-release-linux-x86_64, r-release-macos-arm64, r-release-macos-x86_64, r-release-windows-x86_64