Last updated on 2024-06-30 00:59:25 CEST.
Flavor | Version | Tinstall | Tcheck | Ttotal | Status | Flags |
---|---|---|---|---|---|---|
r-devel-linux-x86_64-debian-clang | 0.1-13 | 129.40 | 121.14 | 250.54 | NOTE | |
r-devel-linux-x86_64-debian-gcc | 0.1-13 | 79.76 | 89.20 | 168.96 | NOTE | |
r-devel-linux-x86_64-fedora-clang | 0.1-13 | 343.90 | NOTE | |||
r-devel-linux-x86_64-fedora-gcc | 0.1-13 | 341.37 | NOTE | |||
r-devel-windows-x86_64 | 0.1-13 | 100.00 | 119.00 | 219.00 | NOTE | |
r-patched-linux-x86_64 | 0.1-13 | 110.70 | 118.10 | 228.80 | NOTE | |
r-release-linux-x86_64 | 0.1-13 | 104.69 | 115.97 | 220.66 | NOTE | |
r-release-macos-arm64 | 0.1-13 | 68.00 | NOTE | |||
r-release-macos-x86_64 | 0.1-13 | 104.00 | NOTE | |||
r-release-windows-x86_64 | 0.1-13 | 101.00 | 118.00 | 219.00 | NOTE | |
r-oldrel-macos-arm64 | 0.1-13 | 80.00 | NOTE | |||
r-oldrel-macos-x86_64 | 0.1-13 | 140.00 | NOTE | |||
r-oldrel-windows-x86_64 | 0.1-13 | 119.00 | 145.00 | 264.00 | NOTE |
Version: 0.1-13
Check: C++ specification
Result: NOTE
Specified C++11: please drop specification unless essential
Flavors: r-devel-linux-x86_64-debian-clang, r-devel-linux-x86_64-debian-gcc, r-devel-linux-x86_64-fedora-clang, r-devel-linux-x86_64-fedora-gcc, r-devel-windows-x86_64, r-patched-linux-x86_64, r-release-linux-x86_64, r-release-macos-arm64, r-release-macos-x86_64, r-release-windows-x86_64, r-oldrel-macos-arm64, r-oldrel-macos-x86_64, r-oldrel-windows-x86_64
Version: 0.1-13
Check: Rd files
Result: NOTE
checkRd: (-1) mrrr.Rd:67: Lost braces in \itemize; meant \describe ?
checkRd: (-1) mrrr.Rd:68: Lost braces in \itemize; meant \describe ?
checkRd: (-1) mrrr.Rd:69-70: Lost braces in \itemize; meant \describe ?
checkRd: (-1) mrrr.Rd:71-72: Lost braces in \itemize; meant \describe ?
checkRd: (-1) mrrr.Rd:73: Lost braces in \itemize; meant \describe ?
checkRd: (-1) mrrr.Rd:74: Lost braces in \itemize; meant \describe ?
Flavors: r-devel-linux-x86_64-debian-clang, r-devel-linux-x86_64-debian-gcc, r-devel-linux-x86_64-fedora-clang, r-devel-linux-x86_64-fedora-gcc, r-devel-windows-x86_64, r-patched-linux-x86_64, r-release-linux-x86_64, r-release-macos-arm64, r-release-macos-x86_64, r-release-windows-x86_64