Last updated on 2024-06-30 00:59:25 CEST.
Flavor | Version | Tinstall | Tcheck | Ttotal | Status | Flags |
---|---|---|---|---|---|---|
r-devel-linux-x86_64-debian-clang | 0.0.2 | 545.67 | 237.71 | 783.38 | NOTE | |
r-devel-linux-x86_64-debian-gcc | 0.0.2 | 500.36 | 208.39 | 708.75 | NOTE | |
r-devel-linux-x86_64-fedora-clang | 0.0.2 | 988.07 | NOTE | |||
r-devel-linux-x86_64-fedora-gcc | 0.0.2 | 1368.35 | NOTE | |||
r-devel-windows-x86_64 | 0.0.2 | 452.00 | 219.00 | 671.00 | NOTE | |
r-patched-linux-x86_64 | 0.0.2 | 411.34 | 269.80 | 681.14 | NOTE | |
r-release-linux-x86_64 | 0.0.2 | 458.12 | 266.67 | 724.79 | NOTE | |
r-release-macos-arm64 | 0.0.2 | 235.00 | NOTE | |||
r-release-macos-x86_64 | 0.0.2 | 248.00 | NOTE | |||
r-release-windows-x86_64 | 0.0.2 | 451.00 | 209.00 | 660.00 | NOTE | |
r-oldrel-macos-arm64 | 0.0.2 | 215.00 | NOTE | |||
r-oldrel-macos-x86_64 | 0.0.2 | 298.00 | NOTE | |||
r-oldrel-windows-x86_64 | 0.0.2 | 563.00 | 269.00 | 832.00 | NOTE |
Version: 0.0.2
Check: for GNU extensions in Makefiles
Result: NOTE
GNU make is a SystemRequirements.
Flavors: r-devel-linux-x86_64-debian-clang, r-devel-linux-x86_64-debian-gcc, r-devel-linux-x86_64-fedora-clang, r-devel-linux-x86_64-fedora-gcc, r-devel-windows-x86_64, r-patched-linux-x86_64, r-release-linux-x86_64, r-release-macos-arm64, r-release-macos-x86_64, r-release-windows-x86_64, r-oldrel-macos-arm64, r-oldrel-macos-x86_64, r-oldrel-windows-x86_64
Version: 0.0.2
Check: installed package size
Result: NOTE
installed size is 5.1Mb
sub-directories of 1Mb or more:
libs 4.8Mb
Flavors: r-devel-linux-x86_64-fedora-clang, r-release-macos-arm64, r-release-macos-x86_64, r-oldrel-macos-arm64, r-oldrel-macos-x86_64