Last updated on 2024-06-30 00:59:25 CEST.
Flavor | Version | Tinstall | Tcheck | Ttotal | Status | Flags |
---|---|---|---|---|---|---|
r-devel-linux-x86_64-debian-clang | 0.1.5 | 178.92 | 226.47 | 405.39 | NOTE | |
r-devel-linux-x86_64-debian-gcc | 0.1.5 | 154.94 | 178.27 | 333.21 | NOTE | |
r-devel-linux-x86_64-fedora-clang | 0.1.5 | 515.69 | NOTE | |||
r-devel-linux-x86_64-fedora-gcc | 0.1.5 | 608.94 | NOTE | |||
r-devel-windows-x86_64 | 0.1.5 | 143.00 | 203.00 | 346.00 | NOTE | |
r-patched-linux-x86_64 | 0.1.5 | 125.50 | 236.61 | 362.11 | NOTE | |
r-release-linux-x86_64 | 0.1.5 | 142.30 | 237.41 | 379.71 | NOTE | |
r-release-macos-arm64 | 0.1.5 | 132.00 | NOTE | |||
r-release-macos-x86_64 | 0.1.5 | 251.00 | NOTE | |||
r-release-windows-x86_64 | 0.1.5 | 142.00 | 202.00 | 344.00 | NOTE | |
r-oldrel-macos-arm64 | 0.1.5 | 242.00 | NOTE | |||
r-oldrel-macos-x86_64 | 0.1.5 | 348.00 | NOTE | |||
r-oldrel-windows-x86_64 | 0.1.5 | 187.00 | 242.00 | 429.00 | NOTE |
Version: 0.1.5
Check: for GNU extensions in Makefiles
Result: NOTE
GNU make is a SystemRequirements.
Flavors: r-devel-linux-x86_64-debian-clang, r-devel-linux-x86_64-debian-gcc, r-devel-linux-x86_64-fedora-clang, r-devel-linux-x86_64-fedora-gcc, r-devel-windows-x86_64, r-patched-linux-x86_64, r-release-linux-x86_64, r-release-macos-arm64, r-release-macos-x86_64, r-release-windows-x86_64, r-oldrel-macos-arm64, r-oldrel-macos-x86_64, r-oldrel-windows-x86_64
Version: 0.1.5
Check: installed package size
Result: NOTE
installed size is 45.0Mb
sub-directories of 1Mb or more:
libs 44.4Mb
Flavors: r-release-macos-arm64, r-release-macos-x86_64, r-oldrel-macos-arm64, r-oldrel-macos-x86_64