Last updated on 2024-06-30 00:59:25 CEST.
Flavor | Version | Tinstall | Tcheck | Ttotal | Status | Flags |
---|---|---|---|---|---|---|
r-devel-linux-x86_64-debian-clang | 1.1.0 | 3.07 | 40.64 | 43.71 | NOTE | |
r-devel-linux-x86_64-debian-gcc | 1.1.0 | 2.13 | 30.45 | 32.58 | NOTE | |
r-devel-linux-x86_64-fedora-clang | 1.1.0 | 55.73 | NOTE | |||
r-devel-linux-x86_64-fedora-gcc | 1.1.0 | 65.95 | NOTE | |||
r-devel-windows-x86_64 | 1.1.0 | 4.00 | 59.00 | 63.00 | NOTE | |
r-patched-linux-x86_64 | 1.1.0 | 2.84 | 38.73 | 41.57 | NOTE | |
r-release-linux-x86_64 | 1.1.0 | 2.92 | 38.96 | 41.88 | NOTE | |
r-release-macos-arm64 | 1.1.0 | 28.00 | NOTE | |||
r-release-macos-x86_64 | 1.1.0 | 40.00 | NOTE | |||
r-release-windows-x86_64 | 1.1.0 | 4.00 | 59.00 | 63.00 | NOTE | |
r-oldrel-macos-arm64 | 1.1.0 | 29.00 | OK | |||
r-oldrel-macos-x86_64 | 1.1.0 | 39.00 | OK | |||
r-oldrel-windows-x86_64 | 1.1.0 | 5.00 | 59.00 | 64.00 | OK |
Version: 1.1.0
Check: Rd files
Result: NOTE
checkRd: (-1) rt_GET.Rd:13: Lost braces
13 | code{\link[httr]{GET}} (\code{TRUE}) or not (\code{FALSE})}
| ^
checkRd: (-1) rt_POST.Rd:13: Lost braces
13 | code{\link[httr]{POST}} (\code{TRUE}) or not (\code{FALSE})}
| ^
Flavors: r-devel-linux-x86_64-debian-clang, r-devel-linux-x86_64-debian-gcc, r-devel-linux-x86_64-fedora-clang, r-devel-linux-x86_64-fedora-gcc, r-devel-windows-x86_64, r-patched-linux-x86_64, r-release-linux-x86_64, r-release-macos-arm64, r-release-macos-x86_64, r-release-windows-x86_64