Last updated on 2024-06-16 11:58:06 CEST.
Flavor | Version | Tinstall | Tcheck | Ttotal | Status | Flags |
---|---|---|---|---|---|---|
r-devel-linux-x86_64-debian-clang | 1.1-14 | 38.03 | 318.16 | 356.19 | NOTE | |
r-devel-linux-x86_64-debian-gcc | 1.1-14 | 34.32 | 225.31 | 259.63 | NOTE | |
r-devel-linux-x86_64-fedora-clang | 1.1-14 | 450.00 | NOTE | |||
r-devel-linux-x86_64-fedora-gcc | 1.1-14 | 436.55 | NOTE | |||
r-devel-windows-x86_64 | 1.1-14 | 34.00 | 191.00 | 225.00 | NOTE | |
r-patched-linux-x86_64 | 1.1-14 | 36.70 | 300.98 | 337.68 | NOTE | |
r-release-linux-x86_64 | 1.1-14 | 41.71 | 297.67 | 339.38 | NOTE | |
r-release-macos-arm64 | 1.1-14 | 99.00 | NOTE | |||
r-release-macos-x86_64 | 1.1-14 | 159.00 | NOTE | |||
r-release-windows-x86_64 | 1.1-14 | 33.00 | 192.00 | 225.00 | NOTE | |
r-oldrel-macos-arm64 | 1.1-14 | 106.00 | OK | |||
r-oldrel-macos-x86_64 | 1.1-14 | 306.00 | OK | |||
r-oldrel-windows-x86_64 | 1.1-14 | 47.00 | 249.00 | 296.00 | OK |
Version: 1.1-14
Check: Rd files
Result: NOTE
checkRd: (-1) rts.Rd:32: Lost braces
32 | If a name of a raster time series file is provided for the \code{x} argument, it acts the same as code{\link[rts]{read.rts}}.
| ^
Flavors: r-devel-linux-x86_64-debian-clang, r-devel-linux-x86_64-debian-gcc, r-devel-linux-x86_64-fedora-clang, r-devel-linux-x86_64-fedora-gcc, r-devel-windows-x86_64, r-patched-linux-x86_64, r-release-linux-x86_64, r-release-macos-arm64, r-release-macos-x86_64, r-release-windows-x86_64
Version: 1.1-14
Check: Rd cross-references
Result: NOTE
Undeclared package ‘sp’ in Rd xrefs
Flavor: r-devel-linux-x86_64-fedora-clang