Last updated on 2024-06-30 00:59:25 CEST.
Flavor | Version | Tinstall | Tcheck | Ttotal | Status | Flags |
---|---|---|---|---|---|---|
r-devel-linux-x86_64-debian-clang | 0.1.0 | 7.53 | 50.27 | 57.80 | OK | |
r-devel-linux-x86_64-debian-gcc | 0.1.0 | 6.03 | 37.78 | 43.81 | OK | |
r-devel-linux-x86_64-fedora-clang | 0.1.0 | 76.57 | NOTE | |||
r-devel-linux-x86_64-fedora-gcc | 0.1.0 | 71.97 | OK | |||
r-devel-windows-x86_64 | 0.1.0 | 7.00 | 63.00 | 70.00 | OK | |
r-patched-linux-x86_64 | 0.1.0 | 7.19 | 46.90 | 54.09 | OK | |
r-release-linux-x86_64 | 0.1.0 | 6.33 | 47.74 | 54.07 | OK | |
r-release-macos-arm64 | 0.1.0 | 25.00 | OK | |||
r-release-macos-x86_64 | 0.1.0 | 55.00 | OK | |||
r-release-windows-x86_64 | 0.1.0 | 7.00 | 62.00 | 69.00 | OK | |
r-oldrel-macos-arm64 | 0.1.0 | 36.00 | OK | |||
r-oldrel-macos-x86_64 | 0.1.0 | 51.00 | OK | |||
r-oldrel-windows-x86_64 | 0.1.0 | 8.00 | 71.00 | 79.00 | OK |
Version: 0.1.0
Check: Rd cross-references
Result: NOTE
Undeclared package ‘R6’ in Rd xrefs
Flavor: r-devel-linux-x86_64-fedora-clang