Last updated on 2024-06-30 00:59:25 CEST.
Flavor | Version | Tinstall | Tcheck | Ttotal | Status | Flags |
---|---|---|---|---|---|---|
r-devel-linux-x86_64-debian-clang | 1.11 | 35.43 | 315.28 | 350.71 | NOTE | |
r-devel-linux-x86_64-debian-gcc | 1.11 | 26.88 | 222.64 | 249.52 | NOTE | |
r-devel-linux-x86_64-fedora-clang | 1.11 | 432.86 | NOTE | |||
r-devel-linux-x86_64-fedora-gcc | 1.11 | 420.69 | NOTE | |||
r-devel-windows-x86_64 | 1.11 | 26.00 | 183.00 | 209.00 | NOTE | |
r-patched-linux-x86_64 | 1.11 | 30.65 | 294.12 | 324.77 | NOTE | |
r-release-linux-x86_64 | 1.11 | 30.37 | 303.31 | 333.68 | NOTE | |
r-release-macos-arm64 | 1.11 | 90.00 | NOTE | |||
r-release-macos-x86_64 | 1.11 | 167.00 | NOTE | |||
r-release-windows-x86_64 | 1.11 | 26.00 | 186.00 | 212.00 | NOTE | |
r-oldrel-macos-arm64 | 1.11 | 100.00 | OK | |||
r-oldrel-macos-x86_64 | 1.11 | 184.00 | OK | |||
r-oldrel-windows-x86_64 | 1.11 | 36.00 | 256.00 | 292.00 | OK |
Version: 1.11
Check: Rd files
Result: NOTE
checkRd: (-1) dGenWish.Rd:48: Lost braces
48 | -df/2*log|L(2*Sigma)L'| -1/2*tr{ (L(2*Sigma)L')^-1 L(-D)L' }
| ^
checkRd: (-1) get.Q.Rd:9: Lost braces
9 | equal to exp{b1*x_1ij + ... + bp*x_pij}, where beta=(b1,b2,...,bp) is
| ^
checkRd: (-1) get.Q.Rd:10: Lost braces; missing escapes or markup?
10 | a vector of log-conductance values of the covariates {x_kij}. Each
| ^
checkRd: (-1) mcmc.wish.icar.Rd:73: Lost braces; missing escapes or markup?
73 | a vector of log-conductance values of the covariates {x_kij}. Each
| ^
Flavors: r-devel-linux-x86_64-debian-clang, r-devel-linux-x86_64-debian-gcc, r-devel-linux-x86_64-fedora-clang, r-devel-linux-x86_64-fedora-gcc, r-devel-windows-x86_64, r-patched-linux-x86_64, r-release-linux-x86_64, r-release-macos-arm64, r-release-macos-x86_64, r-release-windows-x86_64