Last updated on 2024-06-14 08:56:48 CEST.
Flavor | Version | Tinstall | Tcheck | Ttotal | Status | Flags |
---|---|---|---|---|---|---|
r-devel-linux-x86_64-debian-clang | 3.1-40 | 7.34 | 60.71 | 68.05 | NOTE | |
r-devel-linux-x86_64-debian-gcc | 3.1-40 | 5.63 | 46.18 | 51.81 | NOTE | |
r-devel-linux-x86_64-fedora-clang | 3.1-40 | 86.24 | NOTE | |||
r-devel-linux-x86_64-fedora-gcc | 3.1-40 | 84.54 | NOTE | |||
r-devel-windows-x86_64 | 3.1-40 | 7.00 | 77.00 | 84.00 | NOTE | |
r-patched-linux-x86_64 | 3.1-40 | 6.45 | 60.02 | 66.47 | NOTE | |
r-release-linux-x86_64 | 3.1-40 | 5.16 | 60.01 | 65.17 | NOTE | |
r-release-macos-arm64 | 3.1-40 | 27.00 | NOTE | |||
r-release-macos-x86_64 | 3.1-40 | 43.00 | NOTE | |||
r-release-windows-x86_64 | 3.1-40 | 6.00 | 78.00 | 84.00 | NOTE | |
r-oldrel-macos-arm64 | 3.1-40 | 32.00 | OK | |||
r-oldrel-macos-x86_64 | 3.1-40 | 52.00 | OK | |||
r-oldrel-windows-x86_64 | 3.1-40 | 6.00 | 87.00 | 93.00 | OK |
Version: 3.1-40
Check: Rd files
Result: NOTE
checkRd: (-1) ciReg.Rd:10: Lost braces
10 | \item{fit}{an object of class{lm}, i.e. the output from \code{\link{lm}}.}
| ^
Flavors: r-devel-linux-x86_64-debian-clang, r-devel-linux-x86_64-debian-gcc, r-devel-linux-x86_64-fedora-clang, r-devel-linux-x86_64-fedora-gcc, r-devel-windows-x86_64, r-patched-linux-x86_64, r-release-linux-x86_64, r-release-macos-arm64, r-release-macos-x86_64, r-release-windows-x86_64