Last updated on 2024-06-30 00:59:25 CEST.
Flavor | Version | Tinstall | Tcheck | Ttotal | Status | Flags |
---|---|---|---|---|---|---|
r-devel-linux-x86_64-debian-clang | 3.0 | 13.25 | 100.22 | 113.47 | NOTE | |
r-devel-linux-x86_64-debian-gcc | 3.0 | 7.57 | 75.80 | 83.37 | NOTE | |
r-devel-linux-x86_64-fedora-clang | 3.0 | 139.40 | NOTE | |||
r-devel-linux-x86_64-fedora-gcc | 3.0 | 133.27 | NOTE | |||
r-devel-windows-x86_64 | 3.0 | 12.00 | 98.00 | 110.00 | NOTE | |
r-patched-linux-x86_64 | 3.0 | 10.17 | 96.22 | 106.39 | NOTE | |
r-release-linux-x86_64 | 3.0 | 9.04 | 97.17 | 106.21 | NOTE | |
r-release-macos-arm64 | 3.0 | 35.00 | NOTE | |||
r-release-macos-x86_64 | 3.0 | 63.00 | NOTE | |||
r-release-windows-x86_64 | 3.0 | 12.00 | 99.00 | 111.00 | NOTE | |
r-oldrel-macos-arm64 | 3.0 | 47.00 | NOTE | |||
r-oldrel-macos-x86_64 | 3.0 | 75.00 | NOTE | |||
r-oldrel-windows-x86_64 | 3.0 | 15.00 | 113.00 | 128.00 | NOTE |
Version: 3.0
Check: Rd files
Result: NOTE
checkRd: (-1) SAM.Rd:67: Escaped LaTeX specials: \$
checkRd: (-1) samr.Rd:59: Escaped LaTeX specials: \$
checkRd: (-1) samr.Rd:84: Escaped LaTeX specials: \# \$
checkRd: (-1) samr.Rd:88: Escaped LaTeX specials: \$
checkRd: (-1) samr.Rd:92: Escaped LaTeX specials: \$
checkRd: (-1) samr.Rd:97: Escaped LaTeX specials: \#
checkRd: (-1) samr.assess.samplesize.plot.Rd:12: Escaped LaTeX specials: \#
Flavors: r-devel-linux-x86_64-debian-clang, r-devel-linux-x86_64-debian-gcc, r-devel-linux-x86_64-fedora-clang, r-devel-linux-x86_64-fedora-gcc, r-devel-windows-x86_64, r-patched-linux-x86_64, r-release-linux-x86_64, r-release-macos-arm64, r-release-macos-x86_64, r-release-windows-x86_64, r-oldrel-macos-arm64, r-oldrel-macos-x86_64, r-oldrel-windows-x86_64