Last updated on 2024-06-30 00:59:25 CEST.
Flavor | Version | Tinstall | Tcheck | Ttotal | Status | Flags |
---|---|---|---|---|---|---|
r-devel-linux-x86_64-debian-clang | 1.0.0 | 37.98 | 612.73 | 650.71 | OK | |
r-devel-linux-x86_64-debian-gcc | 1.0.0 | 29.41 | 1188.95 | 1218.36 | OK | |
r-devel-linux-x86_64-fedora-clang | 1.0.0 | 1231.43 | OK | |||
r-devel-linux-x86_64-fedora-gcc | 1.0.0 | 1182.03 | OK | |||
r-devel-windows-x86_64 | 1.0.0 | 30.00 | 468.00 | 498.00 | OK | |
r-patched-linux-x86_64 | 1.0.0 | 34.42 | 1409.93 | 1444.35 | OK | |
r-release-linux-x86_64 | 1.0.0 | 24.07 | 1478.48 | 1502.55 | OK | |
r-release-macos-arm64 | 1.0.0 | 227.00 | NOTE | |||
r-release-macos-x86_64 | 1.0.0 | 373.00 | OK | |||
r-release-windows-x86_64 | 1.0.0 | 29.00 | 461.00 | 490.00 | OK | |
r-oldrel-macos-arm64 | 1.0.0 | 234.00 | NOTE | |||
r-oldrel-macos-x86_64 | 1.0.0 | 700.00 | NOTE | |||
r-oldrel-windows-x86_64 | 1.0.0 | 45.00 | 585.00 | 630.00 | OK |
Version: 1.0.0
Check: package dependencies
Result: NOTE
Package suggested but not available for checking: ‘SingleCellSignalR’
Flavor: r-release-macos-arm64
Version: 1.0.0
Check: package dependencies
Result: NOTE
Packages suggested but not available for checking:
'ontoProc', 'rrvgo', 'SingleCellSignalR'
Flavors: r-oldrel-macos-arm64, r-oldrel-macos-x86_64