Last updated on 2024-06-30 00:59:25 CEST.
Flavor | Version | Tinstall | Tcheck | Ttotal | Status | Flags |
---|---|---|---|---|---|---|
r-devel-linux-x86_64-debian-clang | 1.0 | 21.36 | 177.34 | 198.70 | NOTE | |
r-devel-linux-x86_64-debian-gcc | 1.0 | 15.65 | 130.50 | 146.15 | NOTE | |
r-devel-linux-x86_64-fedora-clang | 1.0 | 253.96 | NOTE | |||
r-devel-linux-x86_64-fedora-gcc | 1.0 | 242.74 | NOTE | |||
r-devel-windows-x86_64 | 1.0 | 19.00 | 139.00 | 158.00 | OK | |
r-patched-linux-x86_64 | 1.0 | 18.87 | 170.35 | 189.22 | NOTE | |
r-release-linux-x86_64 | 1.0 | 19.41 | 167.42 | 186.83 | NOTE | |
r-release-macos-arm64 | 1.0 | 64.00 | OK | |||
r-release-macos-x86_64 | 1.0 | 100.00 | OK | |||
r-release-windows-x86_64 | 1.0 | 19.00 | 139.00 | 158.00 | OK | |
r-oldrel-macos-arm64 | 1.0 | 76.00 | OK | |||
r-oldrel-macos-x86_64 | 1.0 | 114.00 | OK | |||
r-oldrel-windows-x86_64 | 1.0 | 24.00 | 175.00 | 199.00 | OK |
Version: 1.0
Check: for non-standard things in the check directory
Result: NOTE
Found the following files/directories:
‘untitled_consensus_cluster’
Flavors: r-devel-linux-x86_64-debian-clang, r-devel-linux-x86_64-debian-gcc, r-devel-linux-x86_64-fedora-clang, r-devel-linux-x86_64-fedora-gcc, r-patched-linux-x86_64, r-release-linux-x86_64