Last updated on 2024-06-30 00:59:25 CEST.
Flavor | Version | Tinstall | Tcheck | Ttotal | Status | Flags |
---|---|---|---|---|---|---|
r-devel-linux-x86_64-debian-clang | 2.3.3 | 13.55 | 123.44 | 136.99 | NOTE | |
r-devel-linux-x86_64-debian-gcc | 2.3.3 | 8.67 | 92.44 | 101.11 | NOTE | |
r-devel-linux-x86_64-fedora-clang | 2.3.3 | 170.10 | NOTE | |||
r-devel-linux-x86_64-fedora-gcc | 2.3.3 | 172.86 | NOTE | |||
r-devel-windows-x86_64 | 2.3.3 | 10.00 | 142.00 | 152.00 | NOTE | |
r-patched-linux-x86_64 | 2.3.3 | 8.46 | 120.76 | 129.22 | NOTE | |
r-release-linux-x86_64 | 2.3.3 | 7.47 | 121.77 | 129.24 | NOTE | |
r-release-macos-arm64 | 2.3.3 | 61.00 | NOTE | |||
r-release-macos-x86_64 | 2.3.3 | 84.00 | NOTE | |||
r-release-windows-x86_64 | 2.3.3 | 11.00 | 143.00 | 154.00 | NOTE | |
r-oldrel-macos-arm64 | 2.3.3 | 67.00 | NOTE | |||
r-oldrel-macos-x86_64 | 2.3.3 | 94.00 | NOTE | |||
r-oldrel-windows-x86_64 | 2.3.3 | 16.00 | 156.00 | 172.00 | NOTE |
Version: 2.3.3
Check: Rd files
Result: NOTE
checkRd: (-1) getSigmaR.Rd:13-14: Lost braces
13 | \item{digits}{digits}{number of decimal places to use when rounding,
| ^
checkRd: (-1) x.oreo.Rd:48: Escaped LaTeX specials: \_ \_
Flavors: r-devel-linux-x86_64-debian-clang, r-devel-linux-x86_64-debian-gcc, r-devel-linux-x86_64-fedora-clang, r-devel-linux-x86_64-fedora-gcc, r-devel-windows-x86_64, r-patched-linux-x86_64, r-release-linux-x86_64, r-release-macos-arm64, r-release-macos-x86_64, r-release-windows-x86_64
Version: 2.3.3
Check: Rd files
Result: NOTE
checkRd: (-1) x.oreo.Rd:48: Escaped LaTeX specials: \_ \_
Flavors: r-oldrel-macos-arm64, r-oldrel-macos-x86_64, r-oldrel-windows-x86_64