Last updated on 2024-06-16 11:58:07 CEST.
Flavor | Version | Tinstall | Tcheck | Ttotal | Status | Flags |
---|---|---|---|---|---|---|
r-devel-linux-x86_64-debian-clang | 1.0.0 | 2.44 | 21.77 | 24.21 | OK | |
r-devel-linux-x86_64-debian-gcc | 1.0.0 | 1.78 | 17.41 | 19.19 | OK | |
r-devel-linux-x86_64-fedora-clang | 1.0.0 | 31.73 | NOTE | |||
r-devel-linux-x86_64-fedora-gcc | 1.0.0 | 29.84 | NOTE | |||
r-devel-windows-x86_64 | 1.0.0 | 3.00 | 38.00 | 41.00 | OK | |
r-patched-linux-x86_64 | 1.0.0 | 2.65 | 21.94 | 24.59 | OK | |
r-release-linux-x86_64 | 1.0.0 | 2.60 | 22.08 | 24.68 | OK | |
r-release-macos-arm64 | 1.0.0 | 14.00 | OK | |||
r-release-macos-x86_64 | 1.0.0 | 20.00 | OK | |||
r-release-windows-x86_64 | 1.0.0 | 3.00 | 38.00 | 41.00 | OK | |
r-oldrel-macos-arm64 | 1.0.0 | 15.00 | OK | |||
r-oldrel-macos-x86_64 | 1.0.0 | 19.00 | OK | |||
r-oldrel-windows-x86_64 | 1.0.0 | 5.00 | 37.00 | 42.00 | OK |
Version: 1.0.0
Check: data for non-ASCII characters
Result: NOTE
Note: found 2 marked UTF-8 strings
Flavors: r-devel-linux-x86_64-fedora-clang, r-devel-linux-x86_64-fedora-gcc