Last updated on 2024-06-30 00:59:25 CEST.
Flavor | Version | Tinstall | Tcheck | Ttotal | Status | Flags |
---|---|---|---|---|---|---|
r-devel-linux-x86_64-debian-clang | 0.1.10 | 180.56 | 74.71 | 255.27 | OK | |
r-devel-linux-x86_64-debian-gcc | 0.1.10 | 123.70 | 52.85 | 176.55 | OK | |
r-devel-linux-x86_64-fedora-clang | 0.1.10 | 356.99 | OK | |||
r-devel-linux-x86_64-fedora-gcc | 0.1.10 | 368.63 | OK | |||
r-devel-windows-x86_64 | 0.1.10 | 134.00 | 104.00 | 238.00 | OK | |
r-patched-linux-x86_64 | 0.1.10 | 142.12 | 68.45 | 210.57 | OK | |
r-release-linux-x86_64 | 0.1.10 | 149.29 | 70.01 | 219.30 | OK | |
r-release-macos-arm64 | 0.1.10 | 68.00 | NOTE | |||
r-release-macos-x86_64 | 0.1.10 | 76.00 | NOTE | |||
r-release-windows-x86_64 | 0.1.10 | 129.00 | 103.00 | 232.00 | OK | |
r-oldrel-macos-arm64 | 0.1.10 | 72.00 | NOTE | |||
r-oldrel-macos-x86_64 | 0.1.10 | 110.00 | NOTE | |||
r-oldrel-windows-x86_64 | 0.1.10 | 155.00 | 125.00 | 280.00 | OK |
Version: 0.1.10
Check: installed package size
Result: NOTE
installed size is 9.7Mb
sub-directories of 1Mb or more:
libs 8.8Mb
Flavors: r-release-macos-arm64, r-release-macos-x86_64, r-oldrel-macos-arm64, r-oldrel-macos-x86_64