Last updated on 2024-06-30 00:59:26 CEST.
Flavor | Version | Tinstall | Tcheck | Ttotal | Status | Flags |
---|---|---|---|---|---|---|
r-devel-linux-x86_64-debian-clang | 4.6.7 | 494.42 | 676.10 | 1170.52 | NOTE | |
r-devel-linux-x86_64-debian-gcc | 4.6.7 | 342.36 | 469.51 | 811.87 | NOTE | |
r-devel-linux-x86_64-fedora-clang | 4.6.9 | 1614.95 | NOTE | |||
r-devel-linux-x86_64-fedora-gcc | 4.6.7 | 1539.90 | NOTE | |||
r-devel-windows-x86_64 | 4.6.7 | 403.00 | 536.00 | 939.00 | NOTE | |
r-patched-linux-x86_64 | 4.6.7 | 423.94 | 641.22 | 1065.16 | NOTE | |
r-release-linux-x86_64 | 4.6.7 | 418.96 | 647.42 | 1066.38 | NOTE | |
r-release-macos-arm64 | 4.6.9 | 318.00 | NOTE | |||
r-release-macos-x86_64 | 4.6.9 | 757.00 | NOTE | |||
r-release-windows-x86_64 | 4.6.7 | 398.00 | 543.00 | 941.00 | NOTE | |
r-oldrel-macos-arm64 | 4.6.9 | 322.00 | NOTE | |||
r-oldrel-macos-x86_64 | 4.6.9 | 516.00 | NOTE | |||
r-oldrel-windows-x86_64 | 4.6.7 | 498.00 | 715.00 | 1213.00 | NOTE |
Version: 4.6.7
Check: for GNU extensions in Makefiles
Result: NOTE
GNU make is a SystemRequirements.
Flavors: r-devel-linux-x86_64-debian-clang, r-devel-linux-x86_64-debian-gcc, r-devel-linux-x86_64-fedora-gcc, r-devel-windows-x86_64, r-patched-linux-x86_64, r-release-linux-x86_64, r-release-windows-x86_64, r-oldrel-windows-x86_64
Version: 4.6.9
Check: for GNU extensions in Makefiles
Result: NOTE
GNU make is a SystemRequirements.
Flavors: r-devel-linux-x86_64-fedora-clang, r-release-macos-arm64, r-release-macos-x86_64, r-oldrel-macos-arm64, r-oldrel-macos-x86_64
Version: 4.6.7
Check: installed package size
Result: NOTE
installed size is 5.1Mb
sub-directories of 1Mb or more:
R 1.5Mb
libs 1.9Mb
Flavors: r-devel-windows-x86_64, r-release-windows-x86_64, r-oldrel-windows-x86_64
Version: 4.6.9
Check: installed package size
Result: NOTE
installed size is 18.3Mb
sub-directories of 1Mb or more:
R 2.0Mb
libs 14.5Mb
Flavors: r-release-macos-arm64, r-release-macos-x86_64, r-oldrel-macos-arm64, r-oldrel-macos-x86_64