Last updated on 2024-06-30 00:59:26 CEST.
Flavor | Version | Tinstall | Tcheck | Ttotal | Status | Flags |
---|---|---|---|---|---|---|
r-devel-linux-x86_64-debian-clang | 3.1-15 | 25.86 | 144.08 | 169.94 | NOTE | |
r-devel-linux-x86_64-debian-gcc | 3.1-15 | 20.63 | 101.94 | 122.57 | NOTE | |
r-devel-linux-x86_64-fedora-clang | 3.1-15 | 207.65 | NOTE | |||
r-devel-linux-x86_64-fedora-gcc | 3.1-15 | 200.71 | NOTE | |||
r-devel-windows-x86_64 | 3.1-15 | 24.00 | 119.00 | 143.00 | NOTE | |
r-patched-linux-x86_64 | 3.1-15 | 33.96 | 131.05 | 165.01 | NOTE | |
r-release-linux-x86_64 | 3.1-15 | 24.76 | 135.26 | 160.02 | NOTE | |
r-release-macos-arm64 | 3.1-15 | 56.00 | NOTE | |||
r-release-macos-x86_64 | 3.1-15 | 82.00 | NOTE | |||
r-release-windows-x86_64 | 3.1-15 | 23.00 | 121.00 | 144.00 | NOTE | |
r-oldrel-macos-arm64 | 3.1-15 | 63.00 | OK | |||
r-oldrel-macos-x86_64 | 3.1-15 | 103.00 | OK | |||
r-oldrel-windows-x86_64 | 3.1-15 | 33.00 | 168.00 | 201.00 | OK |
Version: 3.1-15
Check: Rd files
Result: NOTE
checkRd: (-1) information.criteria.Rd:33: Lost braces
33 | \emph{Psychometrika} bold{52}, 345--370.
| ^
checkRd: (-1) specifyModel.Rd:49: Lost braces
49 | to specifying the ]code{file} argument or reading the model specification from
| ^
Flavors: r-devel-linux-x86_64-debian-clang, r-devel-linux-x86_64-debian-gcc, r-devel-linux-x86_64-fedora-clang, r-devel-linux-x86_64-fedora-gcc, r-devel-windows-x86_64, r-patched-linux-x86_64, r-release-linux-x86_64, r-release-macos-arm64, r-release-macos-x86_64, r-release-windows-x86_64