Last updated on 2024-06-16 11:58:07 CEST.
Flavor | Version | Tinstall | Tcheck | Ttotal | Status | Flags |
---|---|---|---|---|---|---|
r-devel-linux-x86_64-debian-clang | 1.1.0 | 12.44 | 29.07 | 41.51 | OK | |
r-devel-linux-x86_64-debian-gcc | 1.1.0 | 5.00 | 22.24 | 27.24 | OK | |
r-devel-linux-x86_64-fedora-clang | 1.1.0 | 40.17 | NOTE | |||
r-devel-linux-x86_64-fedora-gcc | 1.1.0 | 37.80 | OK | |||
r-devel-windows-x86_64 | 1.1.0 | 8.00 | 43.00 | 51.00 | NOTE | |
r-patched-linux-x86_64 | 1.1.0 | 8.57 | 27.11 | 35.68 | OK | |
r-release-linux-x86_64 | 1.1.0 | 10.66 | 27.89 | 38.55 | OK | |
r-release-macos-arm64 | 1.1.0 | 19.00 | NOTE | |||
r-release-macos-x86_64 | 1.1.0 | 29.00 | NOTE | |||
r-release-windows-x86_64 | 1.1.0 | 7.00 | 43.00 | 50.00 | NOTE | |
r-oldrel-macos-arm64 | 1.1.0 | 23.00 | NOTE | |||
r-oldrel-macos-x86_64 | 1.1.0 | 40.00 | NOTE | |||
r-oldrel-windows-x86_64 | 1.1.0 | 9.00 | 45.00 | 54.00 | NOTE |
Version: 1.1.0
Check: installed package size
Result: NOTE
installed size is 34.6Mb
sub-directories of 1Mb or more:
www 34.5Mb
Flavors: r-devel-linux-x86_64-fedora-clang, r-devel-windows-x86_64, r-release-macos-arm64, r-release-macos-x86_64, r-release-windows-x86_64, r-oldrel-macos-arm64, r-oldrel-macos-x86_64, r-oldrel-windows-x86_64