Last updated on 2024-06-16 11:58:07 CEST.
Flavor | Version | Tinstall | Tcheck | Ttotal | Status | Flags |
---|---|---|---|---|---|---|
r-devel-linux-x86_64-debian-clang | 0.8.5 | 23.73 | 252.54 | 276.27 | NOTE | |
r-devel-linux-x86_64-debian-gcc | 0.8.5 | 18.54 | 179.44 | 197.98 | NOTE | |
r-devel-linux-x86_64-fedora-clang | 0.8.5 | 346.90 | NOTE | |||
r-devel-linux-x86_64-fedora-gcc | 0.8.5 | 354.86 | NOTE | |||
r-devel-windows-x86_64 | 0.8.5 | 20.00 | 194.00 | 214.00 | NOTE | |
r-patched-linux-x86_64 | 0.8.5 | 23.85 | 238.71 | 262.56 | NOTE | |
r-release-linux-x86_64 | 0.8.5 | 19.59 | 234.57 | 254.16 | NOTE | |
r-release-macos-arm64 | 0.8.5 | 98.00 | NOTE | |||
r-release-macos-x86_64 | 0.8.5 | 208.00 | NOTE | |||
r-release-windows-x86_64 | 0.8.5 | 24.00 | 194.00 | 218.00 | NOTE | |
r-oldrel-macos-arm64 | 0.8.5 | 124.00 | OK | |||
r-oldrel-macos-x86_64 | 0.8.5 | 194.00 | OK | |||
r-oldrel-windows-x86_64 | 0.8.5 | 29.00 | 247.00 | 276.00 | OK |
Version: 0.8.5
Check: Rd files
Result: NOTE
checkRd: (-1) match_dataphy.Rd:37-38: Lost braces in \itemize; meant \describe ?
checkRd: (-1) match_dataphy.Rd:39-41: Lost braces in \itemize; meant \describe ?
checkRd: (-1) match_dataphy.Rd:42-44: Lost braces in \itemize; meant \describe ?
Flavors: r-devel-linux-x86_64-debian-clang, r-devel-linux-x86_64-debian-gcc, r-devel-linux-x86_64-fedora-clang, r-devel-linux-x86_64-fedora-gcc, r-devel-windows-x86_64, r-patched-linux-x86_64, r-release-linux-x86_64, r-release-macos-arm64, r-release-macos-x86_64, r-release-windows-x86_64