Last updated on 2024-06-30 00:59:26 CEST.
Flavor | Version | Tinstall | Tcheck | Ttotal | Status | Flags |
---|---|---|---|---|---|---|
r-devel-linux-x86_64-debian-clang | 1.1 | 4.50 | 51.70 | 56.20 | NOTE | |
r-devel-linux-x86_64-debian-gcc | 1.1 | 3.05 | 35.61 | 38.66 | NOTE | |
r-devel-linux-x86_64-fedora-clang | 1.1 | 66.53 | NOTE | |||
r-devel-linux-x86_64-fedora-gcc | 1.1 | 63.04 | NOTE | |||
r-devel-windows-x86_64 | 1.1 | 4.00 | 54.00 | 58.00 | NOTE | |
r-patched-linux-x86_64 | 1.1 | 4.55 | 48.48 | 53.03 | NOTE | |
r-release-linux-x86_64 | 1.1 | 3.49 | 47.95 | 51.44 | NOTE | |
r-release-macos-arm64 | 1.1 | 22.00 | NOTE | |||
r-release-macos-x86_64 | 1.1 | 32.00 | NOTE | |||
r-release-windows-x86_64 | 1.1 | 4.00 | 56.00 | 60.00 | NOTE | |
r-oldrel-macos-arm64 | 1.1 | 24.00 | NOTE | |||
r-oldrel-macos-x86_64 | 1.1 | 33.00 | NOTE | |||
r-oldrel-windows-x86_64 | 1.1 | 5.00 | 59.00 | 64.00 | NOTE |
Version: 1.1
Check: LazyData
Result: NOTE
'LazyData' is specified without a 'data' directory
Flavors: r-devel-linux-x86_64-debian-clang, r-devel-linux-x86_64-debian-gcc, r-devel-linux-x86_64-fedora-clang, r-devel-linux-x86_64-fedora-gcc, r-devel-windows-x86_64, r-patched-linux-x86_64, r-release-linux-x86_64, r-release-macos-arm64, r-release-macos-x86_64, r-release-windows-x86_64, r-oldrel-macos-arm64, r-oldrel-macos-x86_64, r-oldrel-windows-x86_64