Last updated on 2024-06-30 00:59:26 CEST.
Flavor | Version | Tinstall | Tcheck | Ttotal | Status | Flags |
---|---|---|---|---|---|---|
r-devel-linux-x86_64-debian-clang | 0.1-0 | 4.92 | 39.32 | 44.24 | NOTE | |
r-devel-linux-x86_64-debian-gcc | 0.1-0 | 5.57 | 28.44 | 34.01 | NOTE | |
r-devel-linux-x86_64-fedora-clang | 0.1-0 | 58.66 | NOTE | |||
r-devel-linux-x86_64-fedora-gcc | 0.1-0 | 55.97 | NOTE | |||
r-devel-windows-x86_64 | 0.1-0 | 6.00 | 46.00 | 52.00 | NOTE | |
r-patched-linux-x86_64 | 0.1-0 | 7.17 | 38.04 | 45.21 | NOTE | |
r-release-linux-x86_64 | 0.1-0 | 6.10 | 38.18 | 44.28 | NOTE | |
r-release-macos-arm64 | 0.1-0 | 20.00 | NOTE | |||
r-release-macos-x86_64 | 0.1-0 | 33.00 | NOTE | |||
r-release-windows-x86_64 | 0.1-0 | 6.00 | 46.00 | 52.00 | NOTE | |
r-oldrel-macos-arm64 | 0.1-0 | 19.00 | NOTE | |||
r-oldrel-macos-x86_64 | 0.1-0 | 29.00 | NOTE | |||
r-oldrel-windows-x86_64 | 0.1-0 | 5.00 | 50.00 | 55.00 | NOTE |
Version: 0.1-0
Check: LazyData
Result: NOTE
'LazyData' is specified without a 'data' directory
Flavors: r-devel-linux-x86_64-debian-clang, r-devel-linux-x86_64-debian-gcc, r-devel-linux-x86_64-fedora-clang, r-devel-linux-x86_64-fedora-gcc, r-devel-windows-x86_64, r-patched-linux-x86_64, r-release-linux-x86_64, r-release-macos-arm64, r-release-macos-x86_64, r-release-windows-x86_64, r-oldrel-macos-arm64, r-oldrel-macos-x86_64, r-oldrel-windows-x86_64