Last updated on 2024-06-30 00:59:26 CEST.
Flavor | Version | Tinstall | Tcheck | Ttotal | Status | Flags |
---|---|---|---|---|---|---|
r-devel-linux-x86_64-debian-clang | 1.1.1 | 7.80 | 53.91 | 61.71 | OK | |
r-devel-linux-x86_64-debian-gcc | 1.1.1 | 7.09 | 40.57 | 47.66 | OK | |
r-devel-linux-x86_64-fedora-clang | 1.1.1 | 80.86 | NOTE | |||
r-devel-linux-x86_64-fedora-gcc | 1.1.1 | 76.42 | OK | |||
r-devel-windows-x86_64 | 1.1.1 | 11.00 | 66.00 | 77.00 | NOTE | |
r-patched-linux-x86_64 | 1.1.1 | 9.27 | 51.35 | 60.62 | OK | |
r-release-linux-x86_64 | 1.1.1 | 13.43 | 51.57 | 65.00 | OK | |
r-release-macos-arm64 | 1.1.1 | 26.00 | NOTE | |||
r-release-macos-x86_64 | 1.1.1 | 38.00 | NOTE | |||
r-release-windows-x86_64 | 1.1.1 | 12.00 | 66.00 | 78.00 | NOTE | |
r-oldrel-macos-arm64 | 1.1.1 | 27.00 | NOTE | |||
r-oldrel-macos-x86_64 | 1.1.1 | 41.00 | NOTE | |||
r-oldrel-windows-x86_64 | 1.1.1 | 13.00 | 75.00 | 88.00 | NOTE |
Version: 1.1.1
Check: installed package size
Result: NOTE
installed size is 20.6Mb
sub-directories of 1Mb or more:
www 19.7Mb
Flavors: r-devel-linux-x86_64-fedora-clang, r-devel-windows-x86_64, r-release-macos-arm64, r-release-macos-x86_64, r-release-windows-x86_64, r-oldrel-macos-arm64, r-oldrel-macos-x86_64, r-oldrel-windows-x86_64