Last updated on 2024-06-16 11:58:07 CEST.
Flavor | Version | Tinstall | Tcheck | Ttotal | Status | Flags |
---|---|---|---|---|---|---|
r-devel-linux-x86_64-debian-clang | 0.1 | 9.68 | 94.18 | 103.86 | NOTE | |
r-devel-linux-x86_64-debian-gcc | 0.1 | 9.38 | 71.04 | 80.42 | NOTE | |
r-devel-linux-x86_64-fedora-clang | 0.1 | 129.89 | NOTE | |||
r-devel-linux-x86_64-fedora-gcc | 0.1 | 123.75 | NOTE | |||
r-devel-windows-x86_64 | 0.1 | 11.00 | 82.00 | 93.00 | NOTE | |
r-patched-linux-x86_64 | 0.1 | 11.24 | 90.13 | 101.37 | NOTE | |
r-release-linux-x86_64 | 0.1 | 9.77 | 90.44 | 100.21 | NOTE | |
r-release-macos-arm64 | 0.1 | 38.00 | NOTE | |||
r-release-macos-x86_64 | 0.1 | 64.00 | NOTE | |||
r-release-windows-x86_64 | 0.1 | 12.00 | 82.00 | 94.00 | NOTE | |
r-oldrel-macos-arm64 | 0.1 | 42.00 | NOTE | |||
r-oldrel-macos-x86_64 | 0.1 | 69.00 | NOTE | |||
r-oldrel-windows-x86_64 | 0.1 | 14.00 | 100.00 | 114.00 | NOTE |
Version: 0.1
Check: LazyData
Result: NOTE
'LazyData' is specified without a 'data' directory
Flavors: r-devel-linux-x86_64-debian-clang, r-devel-linux-x86_64-debian-gcc, r-devel-linux-x86_64-fedora-clang, r-devel-linux-x86_64-fedora-gcc, r-devel-windows-x86_64, r-patched-linux-x86_64, r-release-linux-x86_64, r-release-macos-arm64, r-release-macos-x86_64, r-release-windows-x86_64, r-oldrel-macos-arm64, r-oldrel-macos-x86_64, r-oldrel-windows-x86_64