Last updated on 2024-06-16 11:58:07 CEST.
Flavor | Version | Tinstall | Tcheck | Ttotal | Status | Flags |
---|---|---|---|---|---|---|
r-devel-linux-x86_64-debian-clang | 0.1.2 | 7.79 | 68.82 | 76.61 | NOTE | |
r-devel-linux-x86_64-debian-gcc | 0.1.2 | 7.21 | 52.08 | 59.29 | NOTE | |
r-devel-linux-x86_64-fedora-clang | 0.1.2 | 100.32 | NOTE | |||
r-devel-linux-x86_64-fedora-gcc | 0.1.2 | 103.69 | NOTE | |||
r-devel-windows-x86_64 | 0.1.2 | 9.00 | 71.00 | 80.00 | NOTE | |
r-patched-linux-x86_64 | 0.1.2 | 9.55 | 64.85 | 74.40 | NOTE | |
r-release-linux-x86_64 | 0.1.2 | 6.02 | 65.26 | 71.28 | NOTE | |
r-release-macos-arm64 | 0.1.2 | 37.00 | NOTE | |||
r-release-macos-x86_64 | 0.1.2 | 55.00 | NOTE | |||
r-release-windows-x86_64 | 0.1.2 | 11.00 | 73.00 | 84.00 | NOTE | |
r-oldrel-macos-arm64 | 0.1.2 | 49.00 | NOTE | |||
r-oldrel-macos-x86_64 | 0.1.2 | 54.00 | NOTE | |||
r-oldrel-windows-x86_64 | 0.1.2 | 14.00 | 82.00 | 96.00 | NOTE |
Version: 0.1.2
Check: LazyData
Result: NOTE
'LazyData' is specified without a 'data' directory
Flavors: r-devel-linux-x86_64-debian-clang, r-devel-linux-x86_64-debian-gcc, r-devel-linux-x86_64-fedora-clang, r-devel-linux-x86_64-fedora-gcc, r-devel-windows-x86_64, r-patched-linux-x86_64, r-release-linux-x86_64, r-release-macos-arm64, r-release-macos-x86_64, r-release-windows-x86_64, r-oldrel-macos-arm64, r-oldrel-macos-x86_64, r-oldrel-windows-x86_64