Last updated on 2024-06-30 00:59:26 CEST.
Flavor | Version | Tinstall | Tcheck | Ttotal | Status | Flags |
---|---|---|---|---|---|---|
r-devel-linux-x86_64-debian-clang | 1.1.0 | 8.54 | 97.63 | 106.17 | OK | |
r-devel-linux-x86_64-debian-gcc | 1.1.0 | 6.01 | 73.42 | 79.43 | OK | |
r-devel-linux-x86_64-fedora-clang | 1.1.0 | 135.63 | NOTE | |||
r-devel-linux-x86_64-fedora-gcc | 1.1.0 | 130.48 | NOTE | |||
r-devel-windows-x86_64 | 1.1.0 | 11.00 | 101.00 | 112.00 | NOTE | |
r-patched-linux-x86_64 | 1.1.0 | 9.41 | 93.17 | 102.58 | OK | |
r-release-linux-x86_64 | 1.1.0 | 5.83 | 93.06 | 98.89 | OK | |
r-release-macos-arm64 | 1.1.0 | 46.00 | NOTE | |||
r-release-macos-x86_64 | 1.1.0 | 69.00 | NOTE | |||
r-release-windows-x86_64 | 1.1.0 | 11.00 | 101.00 | 112.00 | NOTE | |
r-oldrel-macos-arm64 | 1.1.0 | 47.00 | NOTE | |||
r-oldrel-macos-x86_64 | 1.1.0 | 110.00 | NOTE | |||
r-oldrel-windows-x86_64 | 1.1.0 | 12.00 | 121.00 | 133.00 | NOTE |
Version: 1.1.0
Check: installed package size
Result: NOTE
installed size is 5.9Mb
sub-directories of 1Mb or more:
shinymgr 1.4Mb
tutorials 3.8Mb
Flavors: r-devel-linux-x86_64-fedora-clang, r-devel-windows-x86_64, r-release-macos-arm64, r-release-macos-x86_64, r-release-windows-x86_64, r-oldrel-macos-arm64, r-oldrel-macos-x86_64, r-oldrel-windows-x86_64
Version: 1.1.0
Check: dependencies in R code
Result: NOTE
Namespace in Imports field not imported from: ‘shinydashboard’
All declared Imports should be used.
Flavors: r-devel-linux-x86_64-fedora-clang, r-devel-linux-x86_64-fedora-gcc