Last updated on 2024-06-30 00:59:26 CEST.
Flavor | Version | Tinstall | Tcheck | Ttotal | Status | Flags |
---|---|---|---|---|---|---|
r-devel-linux-x86_64-debian-clang | 1.0.0 | 2.44 | 23.31 | 25.75 | NOTE | |
r-devel-linux-x86_64-debian-gcc | 1.0.0 | 1.66 | 18.15 | 19.81 | NOTE | |
r-devel-linux-x86_64-fedora-clang | 1.0.0 | 33.29 | NOTE | |||
r-devel-linux-x86_64-fedora-gcc | 1.0.0 | 30.68 | NOTE | |||
r-devel-windows-x86_64 | 1.0.0 | 4.00 | 46.00 | 50.00 | NOTE | |
r-patched-linux-x86_64 | 1.0.0 | 2.50 | 21.93 | 24.43 | NOTE | |
r-release-linux-x86_64 | 1.0.0 | 2.37 | 22.52 | 24.89 | NOTE | |
r-release-macos-arm64 | 1.0.0 | 17.00 | NOTE | |||
r-release-macos-x86_64 | 1.0.0 | 22.00 | NOTE | |||
r-release-windows-x86_64 | 1.0.0 | 3.00 | 46.00 | 49.00 | NOTE | |
r-oldrel-macos-arm64 | 1.0.0 | 17.00 | NOTE | |||
r-oldrel-macos-x86_64 | 1.0.0 | 20.00 | NOTE | |||
r-oldrel-windows-x86_64 | 1.0.0 | 4.00 | 46.00 | 50.00 | NOTE |
Version: 1.0.0
Check: LazyData
Result: NOTE
'LazyData' is specified without a 'data' directory
Flavors: r-devel-linux-x86_64-debian-clang, r-devel-linux-x86_64-debian-gcc, r-devel-linux-x86_64-fedora-clang, r-devel-linux-x86_64-fedora-gcc, r-devel-windows-x86_64, r-patched-linux-x86_64, r-release-linux-x86_64, r-release-macos-arm64, r-release-macos-x86_64, r-release-windows-x86_64, r-oldrel-macos-arm64, r-oldrel-macos-x86_64, r-oldrel-windows-x86_64