Last updated on 2024-06-30 00:59:26 CEST.
Flavor | Version | Tinstall | Tcheck | Ttotal | Status | Flags |
---|---|---|---|---|---|---|
r-devel-linux-x86_64-debian-clang | 1.0.3 | 10.22 | 87.22 | 97.44 | NOTE | |
r-devel-linux-x86_64-debian-gcc | 1.0.3 | 6.96 | 63.53 | 70.49 | NOTE | |
r-devel-linux-x86_64-fedora-clang | 1.0.3 | 122.81 | NOTE | |||
r-devel-linux-x86_64-fedora-gcc | 1.0.3 | 114.24 | NOTE | |||
r-devel-windows-x86_64 | 1.0.3 | 10.00 | 90.00 | 100.00 | NOTE | |
r-patched-linux-x86_64 | 1.0.3 | 11.15 | 81.31 | 92.46 | NOTE | |
r-release-linux-x86_64 | 1.0.3 | 8.91 | 82.75 | 91.66 | NOTE | |
r-release-macos-arm64 | 1.0.3 | 34.00 | NOTE | |||
r-release-macos-x86_64 | 1.0.3 | 51.00 | NOTE | |||
r-release-windows-x86_64 | 1.0.3 | 11.00 | 90.00 | 101.00 | NOTE | |
r-oldrel-macos-arm64 | 1.0.3 | 38.00 | OK | |||
r-oldrel-macos-x86_64 | 1.0.3 | 57.00 | OK | |||
r-oldrel-windows-x86_64 | 1.0.3 | 13.00 | 109.00 | 122.00 | OK |
Version: 1.0.3
Check: Rd files
Result: NOTE
checkRd: (-1) create_modelDF.Rd:25-38: Lost braces
25 | convert_xlsx_to_csv<-function(xlsx_file){
| ^
checkRd: (-1) create_modelDF.Rd:33-36: Lost braces
33 | for (i in Sheetnames) {
| ^
Flavors: r-devel-linux-x86_64-debian-clang, r-devel-linux-x86_64-debian-gcc, r-devel-linux-x86_64-fedora-clang, r-devel-linux-x86_64-fedora-gcc, r-devel-windows-x86_64, r-patched-linux-x86_64, r-release-linux-x86_64, r-release-macos-arm64, r-release-macos-x86_64, r-release-windows-x86_64