Last updated on 2024-06-30 00:59:26 CEST.
Flavor | Version | Tinstall | Tcheck | Ttotal | Status | Flags |
---|---|---|---|---|---|---|
r-devel-linux-x86_64-debian-clang | 1.3.13 | 15.75 | 204.22 | 219.97 | NOTE | |
r-devel-linux-x86_64-debian-gcc | 1.3.13 | 11.99 | 161.96 | 173.95 | NOTE | |
r-devel-linux-x86_64-fedora-clang | 1.3.13 | 289.54 | NOTE | |||
r-devel-linux-x86_64-fedora-gcc | 1.3.13 | 289.23 | NOTE | |||
r-devel-windows-x86_64 | 1.3.13 | 14.00 | 188.00 | 202.00 | NOTE | |
r-patched-linux-x86_64 | 1.3.13 | 22.39 | 203.55 | 225.94 | NOTE | |
r-release-linux-x86_64 | 1.3.13 | 12.66 | 205.91 | 218.57 | NOTE | |
r-release-macos-arm64 | 1.3.13 | 93.00 | NOTE | |||
r-release-macos-x86_64 | 1.3.13 | 142.00 | NOTE | |||
r-release-windows-x86_64 | 1.3.13 | 14.00 | 188.00 | 202.00 | NOTE | |
r-oldrel-macos-arm64 | 1.3.13 | 101.00 | OK | |||
r-oldrel-macos-x86_64 | 1.3.13 | 155.00 | OK | |||
r-oldrel-windows-x86_64 | 1.3.13 | 18.00 | 232.00 | 250.00 | OK |
Version: 1.3.13
Check: Rd files
Result: NOTE
checkRd: (-1) coxsimSpline.Rd:93: Lost braces; missing escapes or markup?
93 | {FD(h[i](t)) = (exp(g(x[j]) - g(x[l])) - 1) * 100}
| ^
checkRd: (-1) simPH.Rd:16-19: Lost braces in \itemize; meant \describe ?
checkRd: (-1) simPH.Rd:20-24: Lost braces in \itemize; meant \describe ?
checkRd: (-1) simPH.Rd:25-30: Lost braces in \itemize; meant \describe ?
checkRd: (-1) simPH.Rd:31-33: Lost braces in \itemize; meant \describe ?
checkRd: (-1) simPH.Rd:34-36: Lost braces in \itemize; meant \describe ?
checkRd: (-1) simPH.Rd:44-46: Lost braces in \itemize; meant \describe ?
checkRd: (-1) simPH.Rd:47-49: Lost braces in \itemize; meant \describe ?
checkRd: (-1) simPH.Rd:50-53: Lost braces in \itemize; meant \describe ?
Flavors: r-devel-linux-x86_64-debian-clang, r-devel-linux-x86_64-debian-gcc, r-devel-linux-x86_64-fedora-clang, r-devel-linux-x86_64-fedora-gcc, r-devel-windows-x86_64, r-patched-linux-x86_64, r-release-linux-x86_64, r-release-macos-arm64, r-release-macos-x86_64, r-release-windows-x86_64