Last updated on 2024-06-30 00:59:26 CEST.
Flavor | Version | Tinstall | Tcheck | Ttotal | Status | Flags |
---|---|---|---|---|---|---|
r-devel-linux-x86_64-debian-clang | 0.5.6 | 13.78 | 317.23 | 331.01 | OK | |
r-devel-linux-x86_64-debian-gcc | 0.5.6 | 8.94 | 225.50 | 234.44 | OK | |
r-devel-linux-x86_64-fedora-clang | 0.5.6 | 400.20 | OK | |||
r-devel-linux-x86_64-fedora-gcc | 0.5.6 | 397.46 | OK | |||
r-devel-windows-x86_64 | 0.5.6 | 11.00 | 267.00 | 278.00 | OK | |
r-patched-linux-x86_64 | 0.5.6 | 15.40 | 302.72 | 318.12 | OK | |
r-release-linux-x86_64 | 0.5.6 | 8.74 | 306.49 | 315.23 | OK | |
r-release-macos-arm64 | 0.5.6 | 107.00 | OK | |||
r-release-macos-x86_64 | 0.5.6 | 171.00 | WARN | |||
r-release-windows-x86_64 | 0.5.6 | 10.00 | 273.00 | 283.00 | OK | |
r-oldrel-macos-arm64 | 0.5.6 | 121.00 | OK | |||
r-oldrel-macos-x86_64 | 0.5.6 | 226.00 | OK | |||
r-oldrel-windows-x86_64 | 0.5.6 | 13.00 | 333.00 | 346.00 | OK |
Version: 0.5.6
Check: re-building of vignette outputs
Result: WARN
Error(s) in re-building vignettes:
...
--- re-building ‘simcausal_vignette.Rnw’ using knitr
Error: processing vignette 'simcausal_vignette.Rnw' failed with diagnostics:
Running 'texi2dvi' on 'simcausal_vignette.tex' failed.
LaTeX errors:
! Undefined control sequence.
l.736 \hlkwd{library}\hldef
{(}\hlsng{"simcausal"}\hldef{)}
?
! Emergency stop.
! Emergency stop.
l.736
End of file on the terminal!
! ==> Fatal error occurred, no output PDF file produced!
--- failed re-building ‘simcausal_vignette.Rnw’
SUMMARY: processing the following file failed:
‘simcausal_vignette.Rnw’
Error: Vignette re-building failed.
Execution halted
Flavor: r-release-macos-x86_64